Last updated on 2025-07-15 12:49:34 CEST.
Flavor | Version | Tinstall | Tcheck | Ttotal | Status | Flags |
---|---|---|---|---|---|---|
r-devel-linux-x86_64-debian-clang | 1.1.20.3 | 5.26 | 51.72 | 56.98 | NOTE | |
r-devel-linux-x86_64-debian-gcc | 1.1.20.3 | 4.03 | 39.46 | 43.49 | NOTE | |
r-devel-linux-x86_64-fedora-clang | 1.1.20.3 | 88.57 | NOTE | |||
r-devel-linux-x86_64-fedora-gcc | 1.1.20.3 | 98.12 | NOTE | |||
r-devel-windows-x86_64 | 1.1.20.3 | 8.00 | 81.00 | 89.00 | NOTE | |
r-patched-linux-x86_64 | 1.1.20.3 | 7.14 | 49.95 | 57.09 | NOTE | |
r-release-linux-x86_64 | 1.1.20.3 | 5.41 | 50.12 | 55.53 | NOTE | |
r-release-macos-arm64 | 1.1.20.3 | 74.00 | NOTE | |||
r-release-macos-x86_64 | 1.1.20.3 | 69.00 | NOTE | |||
r-release-windows-x86_64 | 1.1.20.3 | 10.00 | 91.00 | 101.00 | NOTE | |
r-oldrel-macos-arm64 | 1.1.20.3 | 38.00 | OK | |||
r-oldrel-macos-x86_64 | 1.1.20.3 | 54.00 | OK | |||
r-oldrel-windows-x86_64 | 1.1.20.3 | 11.00 | 94.00 | 105.00 | OK |
Version: 1.1.20.3
Check: CRAN incoming feasibility
Result: NOTE
Maintainer: ‘Chun Fung Kwok <jkwok@svi.edu.au>’
The BugReports field in DESCRIPTION has
https://github.com/kcf-jackson/sketch
which should likely be
https://github.com/kcf-jackson/sketch/issues
instead.
Flavors: r-devel-linux-x86_64-debian-clang, r-devel-linux-x86_64-debian-gcc
Version: 1.1.20.3
Check: DESCRIPTION meta-information
Result: NOTE
Missing dependency on R >= 4.1.0 because package code uses the pipe
|> or function shorthand \(...) syntax added in R 4.1.0.
File(s) using such syntax:
‘ext-annotate_expr.R’
Flavors: r-devel-linux-x86_64-debian-clang, r-devel-linux-x86_64-debian-gcc, r-devel-linux-x86_64-fedora-clang, r-devel-linux-x86_64-fedora-gcc, r-devel-windows-x86_64, r-patched-linux-x86_64, r-release-linux-x86_64, r-release-macos-arm64, r-release-macos-x86_64, r-release-windows-x86_64