Last updated on 2025-04-29 12:52:50 CEST.
Flavor | Version | Tinstall | Tcheck | Ttotal | Status | Flags |
---|---|---|---|---|---|---|
r-devel-linux-x86_64-debian-clang | 1.4 | 1.55 | 16.03 | 17.58 | NOTE | |
r-devel-linux-x86_64-debian-gcc | 1.4 | 1.28 | 13.16 | 14.44 | NOTE | |
r-devel-linux-x86_64-fedora-clang | 1.4 | 27.18 | NOTE | |||
r-devel-linux-x86_64-fedora-gcc | 1.4 | 26.04 | NOTE | |||
r-devel-windows-x86_64 | 1.4 | 3.00 | 35.00 | 38.00 | NOTE | |
r-patched-linux-x86_64 | 1.4 | 1.22 | 15.38 | 16.60 | NOTE | |
r-release-linux-x86_64 | 1.4 | 1.52 | 15.32 | 16.84 | NOTE | |
r-release-macos-arm64 | 1.4 | 14.00 | NOTE | |||
r-release-macos-x86_64 | 1.4 | 22.00 | NOTE | |||
r-release-windows-x86_64 | 1.4 | 2.00 | 39.00 | 41.00 | NOTE | |
r-oldrel-macos-arm64 | 1.4 | 14.00 | NOTE | |||
r-oldrel-macos-x86_64 | 1.4 | 21.00 | NOTE | |||
r-oldrel-windows-x86_64 | 1.4 | 2.00 | 34.00 | 36.00 | NOTE |
Version: 1.4
Check: CRAN incoming feasibility
Result: NOTE
Maintainer: ‘Jonas Stein <news@jonasstein.de>’
No Authors@R field in DESCRIPTION.
Please add one, modifying
Authors@R: c(person(given = "Jonas",
family = "Stein",
role = c("aut", "cre"),
email = "news@jonasstein.de"),
person(given = "Ben",
family = "Tupper",
role = "aut"))
as necessary.
Flavors: r-devel-linux-x86_64-debian-clang, r-devel-linux-x86_64-debian-gcc
Version: 1.4
Check: DESCRIPTION meta-information
Result: NOTE
Malformed Description field: should contain one or more complete sentences.
Flavors: r-devel-linux-x86_64-debian-clang, r-devel-linux-x86_64-debian-gcc, r-devel-linux-x86_64-fedora-clang, r-devel-linux-x86_64-fedora-gcc, r-devel-windows-x86_64, r-patched-linux-x86_64, r-release-linux-x86_64, r-release-macos-arm64, r-release-macos-x86_64, r-release-windows-x86_64, r-oldrel-macos-arm64, r-oldrel-macos-x86_64, r-oldrel-windows-x86_64
Version: 1.4
Check: LazyData
Result: NOTE
'LazyData' is specified without a 'data' directory
Flavors: r-oldrel-macos-arm64, r-oldrel-macos-x86_64, r-oldrel-windows-x86_64