Last updated on 2024-03-28 09:51:57 CET.
Flavor | Version | Tinstall | Tcheck | Ttotal | Status | Flags |
---|---|---|---|---|---|---|
r-devel-linux-x86_64-debian-clang | 0.1.2 | 58.68 | 138.90 | 197.58 | OK | |
r-devel-linux-x86_64-debian-gcc | 0.1.2 | 45.97 | 108.03 | 154.00 | OK | |
r-devel-linux-x86_64-fedora-clang | 0.1.2 | 264.04 | OK | |||
r-devel-linux-x86_64-fedora-gcc | 0.1.2 | 271.82 | OK | |||
r-devel-windows-x86_64 | 0.1.2 | 45.00 | 158.00 | 203.00 | OK | |
r-patched-linux-x86_64 | 0.1.2 | 50.30 | 136.96 | 187.26 | OK | |
r-release-linux-x86_64 | 0.1.2 | 55.79 | 140.02 | 195.81 | OK | |
r-release-macos-arm64 | 0.1.2 | 66.00 | NOTE | |||
r-release-macos-x86_64 | 0.1.2 | 117.00 | NOTE | |||
r-release-windows-x86_64 | 0.1.2 | 57.00 | 182.00 | 239.00 | OK | |
r-oldrel-macos-arm64 | 0.1.2 | 72.00 | NOTE | |||
r-oldrel-windows-x86_64 | 0.1.2 | 58.00 | 174.00 | 232.00 | OK |
Version: 0.1.2
Check: installed package size
Result: NOTE
installed size is 5.4Mb
sub-directories of 1Mb or more:
data 2.3Mb
libs 2.7Mb
Flavors: r-release-macos-arm64, r-release-macos-x86_64, r-oldrel-macos-arm64