CRAN Package Check Results for Package simplextree

Last updated on 2022-07-02 12:53:14 CEST.

Flavor Version Tinstall Tcheck Ttotal Status Flags
r-devel-linux-x86_64-debian-clang 1.0.1 83.74 72.47 156.21 NOTE
r-devel-linux-x86_64-debian-gcc 1.0.1 70.99 54.56 125.55 NOTE
r-devel-linux-x86_64-fedora-clang 1.0.1 225.84 NOTE
r-devel-linux-x86_64-fedora-gcc 1.0.1 218.53 NOTE
r-devel-windows-x86_64 1.0.1 126.00 119.00 245.00 NOTE
r-patched-linux-x86_64 1.0.1 71.25 71.36 142.61 NOTE
r-release-linux-x86_64 1.0.1 77.67 70.74 148.41 NOTE
r-release-macos-arm64 1.0.1 51.00 NOTE
r-release-macos-x86_64 1.0.1 69.00 NOTE
r-release-windows-x86_64 1.0.1 151.00 127.00 278.00 NOTE
r-oldrel-macos-arm64 1.0.1 67.00 NOTE
r-oldrel-macos-x86_64 1.0.1 113.00 NOTE
r-oldrel-windows-ix86+x86_64 1.0.1 186.00 139.00 325.00 NOTE

Check Details

Version: 1.0.1
Check: LazyData
Result: NOTE
     'LazyData' is specified without a 'data' directory
Flavors: r-devel-linux-x86_64-debian-clang, r-devel-linux-x86_64-debian-gcc, r-devel-linux-x86_64-fedora-clang, r-devel-linux-x86_64-fedora-gcc, r-devel-windows-x86_64, r-patched-linux-x86_64, r-release-linux-x86_64, r-release-macos-arm64, r-release-macos-x86_64, r-release-windows-x86_64, r-oldrel-macos-arm64, r-oldrel-macos-x86_64, r-oldrel-windows-ix86+x86_64

Version: 1.0.1
Check: installed package size
Result: NOTE
     installed size is 7.3Mb
     sub-directories of 1Mb or more:
     libs 6.5Mb
Flavors: r-devel-linux-x86_64-fedora-clang, r-release-macos-arm64, r-release-macos-x86_64, r-oldrel-macos-arm64, r-oldrel-macos-x86_64