Last updated on 2024-04-18 12:53:01 CEST.
Flavor | Version | Tinstall | Tcheck | Ttotal | Status | Flags |
---|---|---|---|---|---|---|
r-devel-linux-x86_64-debian-clang | 1.0.1 | 83.23 | 76.19 | 159.42 | NOTE | |
r-devel-linux-x86_64-debian-gcc | 1.0.1 | 71.99 | 55.17 | 127.16 | NOTE | |
r-devel-linux-x86_64-fedora-clang | 1.0.1 | 229.47 | NOTE | |||
r-devel-linux-x86_64-fedora-gcc | 1.0.1 | 222.82 | NOTE | |||
r-prerel-macos-arm64 | 1.0.1 | 49.00 | NOTE | |||
r-prerel-windows-x86_64 | 1.0.1 | 64.00 | 96.00 | 160.00 | NOTE | |
r-patched-linux-x86_64 | 1.0.1 | 83.70 | 68.91 | 152.61 | NOTE | |
r-release-linux-x86_64 | 1.0.1 | 81.17 | 70.15 | 151.32 | NOTE | |
r-release-macos-arm64 | 1.0.1 | 57.00 | NOTE | |||
r-release-macos-x86_64 | 1.0.1 | 96.00 | NOTE | |||
r-release-windows-x86_64 | 1.0.1 | 63.00 | 119.00 | 182.00 | NOTE | |
r-oldrel-macos-arm64 | 1.0.1 | 57.00 | NOTE | |||
r-oldrel-windows-x86_64 | 1.0.1 | 79.00 | 110.00 | 189.00 | NOTE |
Version: 1.0.1
Check: C++ specification
Result: NOTE
Specified C++11: please drop specification unless essential
Flavors: r-devel-linux-x86_64-debian-clang, r-devel-linux-x86_64-debian-gcc, r-devel-linux-x86_64-fedora-clang, r-devel-linux-x86_64-fedora-gcc, r-prerel-macos-arm64, r-prerel-windows-x86_64, r-patched-linux-x86_64, r-release-linux-x86_64, r-release-macos-arm64, r-release-macos-x86_64, r-release-windows-x86_64
Version: 1.0.1
Check: LazyData
Result: NOTE
'LazyData' is specified without a 'data' directory
Flavors: r-devel-linux-x86_64-debian-clang, r-devel-linux-x86_64-debian-gcc, r-devel-linux-x86_64-fedora-clang, r-devel-linux-x86_64-fedora-gcc, r-prerel-macos-arm64, r-prerel-windows-x86_64, r-patched-linux-x86_64, r-release-linux-x86_64, r-release-macos-arm64, r-release-macos-x86_64, r-release-windows-x86_64, r-oldrel-macos-arm64, r-oldrel-windows-x86_64
Version: 1.0.1
Check: installed package size
Result: NOTE
installed size is 9.9Mb
sub-directories of 1Mb or more:
libs 9.2Mb
Flavors: r-prerel-macos-arm64, r-release-macos-arm64, r-release-macos-x86_64, r-oldrel-macos-arm64