CRAN Package Check Results for Package simplegraphdb

Last updated on 2022-06-24 11:52:19 CEST.

Flavor Version Tinstall Tcheck Ttotal Status Flags
r-devel-linux-x86_64-debian-clang 2021.03.10 5.47 47.69 53.16 NOTE
r-devel-linux-x86_64-debian-gcc 2021.03.10 3.88 36.47 40.35 NOTE
r-devel-linux-x86_64-fedora-clang 2021.03.10 78.38 NOTE
r-devel-linux-x86_64-fedora-gcc 2021.03.10 73.60 NOTE
r-devel-windows-x86_64 2021.03.10 27.00 74.00 101.00 NOTE
r-patched-linux-x86_64 2021.03.10 4.93 45.59 50.52 NOTE
r-release-linux-x86_64 2021.03.10 5.10 45.08 50.18 NOTE
r-release-macos-arm64 2021.03.10 23.00 NOTE
r-release-macos-x86_64 2021.03.10 32.00 NOTE
r-release-windows-x86_64 2021.03.10 31.00 77.00 108.00 NOTE
r-oldrel-macos-arm64 2021.03.10 25.00 NOTE
r-oldrel-macos-x86_64 2021.03.10 38.00 NOTE
r-oldrel-windows-ix86+x86_64 2021.03.10 12.00 71.00 83.00 NOTE

Check Details

Version: 2021.03.10
Check: LazyData
Result: NOTE
     'LazyData' is specified without a 'data' directory
Flavors: r-devel-linux-x86_64-debian-clang, r-devel-linux-x86_64-debian-gcc, r-devel-linux-x86_64-fedora-clang, r-devel-linux-x86_64-fedora-gcc, r-devel-windows-x86_64, r-patched-linux-x86_64, r-release-linux-x86_64, r-release-macos-arm64, r-release-macos-x86_64, r-release-windows-x86_64, r-oldrel-macos-arm64, r-oldrel-macos-x86_64, r-oldrel-windows-ix86+x86_64

Version: 2021.03.10
Check: dependencies in R code
Result: NOTE
    Namespace in Imports field not imported from: ‘DBI’
     All declared Imports should be used.
Flavors: r-devel-linux-x86_64-fedora-clang, r-devel-linux-x86_64-fedora-gcc, r-release-macos-arm64, r-release-macos-x86_64, r-oldrel-macos-arm64, r-oldrel-macos-x86_64