CRAN Package Check Results for Package simode

Last updated on 2022-06-26 11:52:44 CEST.

Flavor Version Tinstall Tcheck Ttotal Status Flags
r-devel-linux-x86_64-debian-clang 1.2.0 4.52 245.75 250.27 OK
r-devel-linux-x86_64-debian-gcc 1.2.0 4.43 170.33 174.76 OK
r-devel-linux-x86_64-fedora-clang 1.2.0 289.93 NOTE
r-devel-linux-x86_64-fedora-gcc 1.2.0 295.34 NOTE
r-devel-windows-x86_64 1.2.0 32.00 277.00 309.00 OK
r-patched-linux-x86_64 1.2.0 5.12 229.66 234.78 OK
r-release-linux-x86_64 1.2.0 4.65 233.34 237.99 OK
r-release-macos-arm64 1.2.0 59.00 NOTE
r-release-macos-x86_64 1.2.0 87.00 NOTE
r-release-windows-x86_64 1.2.0 30.00 282.00 312.00 OK
r-oldrel-macos-arm64 1.2.0 82.00 NOTE
r-oldrel-macos-x86_64 1.2.0 139.00 NOTE
r-oldrel-windows-ix86+x86_64 1.2.0 11.00 285.00 296.00 OK

Check Details

Version: 1.2.0
Check: dependencies in R code
Result: NOTE
    Namespace in Imports field not imported from: ‘quadprog’
     All declared Imports should be used.
Flavors: r-devel-linux-x86_64-fedora-clang, r-devel-linux-x86_64-fedora-gcc, r-release-macos-arm64, r-release-macos-x86_64, r-oldrel-macos-arm64, r-oldrel-macos-x86_64