Last updated on 2023-12-03 11:50:50 CET.
Flavor | Version | Tinstall | Tcheck | Ttotal | Status | Flags |
---|---|---|---|---|---|---|
r-devel-linux-x86_64-debian-clang | 4.4.6.3 | 87.03 | 131.71 | 218.74 | OK | |
r-devel-linux-x86_64-debian-gcc | 4.4.6.3 | 77.66 | 99.37 | 177.03 | OK | |
r-devel-linux-x86_64-fedora-clang | 4.4.6.3 | 322.83 | OK | |||
r-devel-linux-x86_64-fedora-gcc | 4.4.6.3 | 347.21 | OK | |||
r-devel-windows-x86_64 | 4.4.6.3 | 72.00 | 176.00 | 248.00 | OK | |
r-patched-linux-x86_64 | 4.4.6.3 | 92.61 | 129.82 | 222.43 | OK | |
r-release-linux-x86_64 | 4.4.6.2 | 92.56 | 129.45 | 222.01 | OK | |
r-release-macos-arm64 | 4.4.6.3 | 114.00 | NOTE | |||
r-release-macos-x86_64 | 4.4.6.3 | 230.00 | NOTE | |||
r-release-windows-x86_64 | 4.4.6.3 | 96.00 | 181.00 | 277.00 | OK | |
r-oldrel-macos-arm64 | 4.4.6.3 | 112.00 | NOTE | |||
r-oldrel-macos-x86_64 | 4.4.6.2 | 188.00 | NOTE | |||
r-oldrel-windows-x86_64 | 4.4.6.3 | 91.00 | 185.00 | 276.00 | OK |
Version: 4.4.6.3
Check: installed package size
Result: NOTE
installed size is 14.8Mb
sub-directories of 1Mb or more:
doc 1.6Mb
libs 12.6Mb
Flavors: r-release-macos-arm64, r-release-macos-x86_64, r-oldrel-macos-arm64
Version: 4.4.6.2
Check: installed package size
Result: NOTE
installed size is 15.5Mb
sub-directories of 1Mb or more:
doc 1.7Mb
libs 13.2Mb
Flavor: r-oldrel-macos-x86_64