Last updated on 2024-04-23 10:54:17 CEST.
Flavor | Version | Tinstall | Tcheck | Ttotal | Status | Flags |
---|---|---|---|---|---|---|
r-devel-linux-x86_64-debian-clang | 0.9.0.4 | 111.21 | 119.99 | 231.20 | OK | |
r-devel-linux-x86_64-debian-gcc | 0.9.0.4 | 92.32 | 85.84 | 178.16 | OK | |
r-devel-linux-x86_64-fedora-clang | 0.9.0.4 | 328.00 | NOTE | |||
r-devel-linux-x86_64-fedora-gcc | 0.9.0.4 | 320.14 | OK | |||
r-prerel-macos-arm64 | 0.9.0.4 | 67.00 | NOTE | |||
r-prerel-windows-x86_64 | 0.9.0.4 | 103.00 | 128.00 | 231.00 | NOTE | |
r-patched-linux-x86_64 | 0.9.0.4 | 116.54 | 113.74 | 230.28 | OK | |
r-release-linux-x86_64 | 0.9.0.4 | 117.86 | 111.49 | 229.35 | OK | |
r-release-macos-arm64 | 0.9.0.4 | 76.00 | NOTE | |||
r-release-macos-x86_64 | 0.9.0.4 | 151.00 | NOTE | |||
r-release-windows-x86_64 | 0.9.0.4 | 131.00 | 165.00 | 296.00 | NOTE | |
r-oldrel-macos-arm64 | 0.9.0.4 | 70.00 | NOTE | |||
r-oldrel-windows-x86_64 | 0.9.0.4 | 121.00 | 146.00 | 267.00 | NOTE |
Version: 0.9.0.4
Check: installed package size
Result: NOTE
installed size is 14.4Mb
sub-directories of 1Mb or more:
extdata 13.0Mb
Flavors: r-devel-linux-x86_64-fedora-clang, r-prerel-macos-arm64, r-prerel-windows-x86_64, r-release-macos-arm64, r-release-macos-x86_64, r-release-windows-x86_64, r-oldrel-macos-arm64, r-oldrel-windows-x86_64