Last updated on 2024-04-22 12:55:55 CEST.
Flavor | Version | Tinstall | Tcheck | Ttotal | Status | Flags |
---|---|---|---|---|---|---|
r-devel-linux-x86_64-debian-clang | 0.17.3 | 0.36 | 2.02 | 2.38 | ERROR | |
r-devel-linux-x86_64-debian-gcc | 0.17.3 | 1.76 | 50.28 | 52.04 | NOTE | |
r-devel-linux-x86_64-fedora-clang | 0.17.3 | 91.73 | NOTE | |||
r-devel-linux-x86_64-fedora-gcc | 0.17.3 | 82.26 | NOTE | |||
r-prerel-macos-arm64 | 0.17.3 | 22.00 | NOTE | |||
r-prerel-macos-x86_64 | 0.17.3 | 38.00 | NOTE | |||
r-prerel-windows-x86_64 | 0.17.3 | 3.00 | 74.00 | 77.00 | OK | |
r-patched-linux-x86_64 | 0.17.3 | 6.51 | 60.51 | 67.02 | NOTE | |
r-release-linux-x86_64 | 0.17.3 | 1.61 | 62.56 | 64.17 | NOTE | |
r-release-macos-arm64 | 0.17.3 | 26.00 | NOTE | |||
r-release-macos-x86_64 | 0.17.3 | 34.00 | NOTE | |||
r-release-windows-x86_64 | 0.17.3 | 4.00 | 81.00 | 85.00 | OK | |
r-oldrel-macos-arm64 | 0.17.3 | 22.00 | NOTE | |||
r-oldrel-windows-x86_64 | 0.17.3 | 5.00 | 86.00 | 91.00 | OK |
Version: 0.17.3
Check: package dependencies
Result: ERROR
Packages required but not available:
'Biostrings', 'BSgenome', 'GenomeInfoDb', 'GenomicRanges'
Package suggested but not available for checking: ‘BSgenome.Hsapiens.UCSC.hg38’
See section ‘The DESCRIPTION file’ in the ‘Writing R Extensions’
manual.
Flavor: r-devel-linux-x86_64-debian-clang
Version: 0.17.3
Check: for non-standard things in the check directory
Result: NOTE
Found the following files/directories:
‘res_mutation.tsv’ ‘res_mutationCounts.txt’
‘res_processContribution.txt’ ‘res_processes.txt’
Flavors: r-devel-linux-x86_64-debian-gcc, r-devel-linux-x86_64-fedora-clang, r-devel-linux-x86_64-fedora-gcc, r-patched-linux-x86_64, r-release-linux-x86_64
Version: 0.17.3
Check: package dependencies
Result: NOTE
Package suggested but not available for checking: ‘BSgenome.Hsapiens.UCSC.hg38’
Flavors: r-prerel-macos-arm64, r-prerel-macos-x86_64, r-release-macos-arm64, r-release-macos-x86_64, r-oldrel-macos-arm64