Last updated on 2025-05-09 10:49:39 CEST.
Flavor | Version | Tinstall | Tcheck | Ttotal | Status | Flags |
---|---|---|---|---|---|---|
r-devel-linux-x86_64-debian-clang | 1.40 | 5.38 | 70.85 | 76.23 | NOTE | |
r-devel-linux-x86_64-debian-gcc | 1.40 | 3.69 | 52.81 | 56.50 | NOTE | |
r-devel-linux-x86_64-fedora-clang | 1.40 | 117.33 | OK | |||
r-devel-linux-x86_64-fedora-gcc | 1.40 | 126.41 | OK | |||
r-devel-windows-x86_64 | 1.40 | 7.00 | 99.00 | 106.00 | OK | |
r-patched-linux-x86_64 | 1.40 | 5.43 | 67.85 | 73.28 | OK | |
r-release-linux-x86_64 | 1.40 | 5.19 | 68.01 | 73.20 | OK | |
r-release-macos-arm64 | 1.40 | 49.00 | OK | |||
r-release-macos-x86_64 | 1.40 | 75.00 | OK | |||
r-release-windows-x86_64 | 1.40 | 9.00 | 101.00 | 110.00 | OK | |
r-oldrel-macos-arm64 | 1.40 | 48.00 | OK | |||
r-oldrel-macos-x86_64 | 1.40 | 72.00 | OK | |||
r-oldrel-windows-x86_64 | 1.40 | 10.00 | 117.00 | 127.00 | OK |
Version: 1.40
Check: CRAN incoming feasibility
Result: NOTE
Maintainer: ‘Apostolos Dimitromanolakis <apostolis@live.ca>’
No Authors@R field in DESCRIPTION.
Please add one, modifying
Authors@R: c(person(given = "Apostolos",
family = "Dimitromanolakis",
role = c("aut", "cre"),
email = "apostolis@live.ca"),
person(given = "Jingxiong",
family = "Xu",
role = "aut",
email = "jingxiong.xu@mail.utoronto.ca"),
person(given = "Agnieszka",
family = "Krol",
role = "aut",
email = "krol@lunenfeld.ca"),
person(given = "Laurent",
family = "Briollais",
role = "aut",
email = "laurent@lunenfeld.ca"))
as necessary.
Package CITATION file contains call(s) to old-style personList() or
as.personList(). Please use c() on person objects instead.
Package CITATION file contains call(s) to old-style citEntry(). Please
use bibentry() instead.
Flavors: r-devel-linux-x86_64-debian-clang, r-devel-linux-x86_64-debian-gcc