Last updated on 2024-04-26 12:54:51 CEST.
Flavor | Version | Tinstall | Tcheck | Ttotal | Status | Flags |
---|---|---|---|---|---|---|
r-devel-linux-x86_64-debian-clang | 0.1.2 | 3.24 | 50.22 | 53.46 | NOTE | |
r-devel-linux-x86_64-debian-gcc | 0.1.2 | 2.74 | 39.35 | 42.09 | NOTE | |
r-devel-linux-x86_64-fedora-clang | 0.1.2 | 68.80 | NOTE | |||
r-devel-linux-x86_64-fedora-gcc | 0.1.2 | 78.89 | NOTE | |||
r-devel-windows-x86_64 | 0.1.2 | 4.00 | 58.00 | 62.00 | NOTE | |
r-patched-linux-x86_64 | 0.1.2 | 3.27 | 49.71 | 52.98 | NOTE | |
r-release-linux-x86_64 | 0.1.2 | 3.62 | 49.24 | 52.86 | NOTE | |
r-release-macos-arm64 | 0.1.2 | 28.00 | NOTE | |||
r-release-windows-x86_64 | 0.1.2 | 4.00 | 56.00 | 60.00 | NOTE | |
r-oldrel-macos-arm64 | 0.1.2 | 30.00 | NOTE | |||
r-oldrel-macos-x86_64 | 0.1.2 | 44.00 | NOTE | |||
r-oldrel-windows-x86_64 | 0.1.2 | 5.00 | 61.00 | 66.00 | NOTE |
Version: 0.1.2
Check: LazyData
Result: NOTE
'LazyData' is specified without a 'data' directory
Flavors: r-devel-linux-x86_64-debian-clang, r-devel-linux-x86_64-debian-gcc, r-devel-linux-x86_64-fedora-clang, r-devel-linux-x86_64-fedora-gcc, r-devel-windows-x86_64, r-patched-linux-x86_64, r-release-linux-x86_64, r-release-macos-arm64, r-release-windows-x86_64, r-oldrel-macos-arm64, r-oldrel-macos-x86_64, r-oldrel-windows-x86_64