Last updated on 2025-02-08 13:51:38 CET.
Flavor | Version | Tinstall | Tcheck | Ttotal | Status | Flags |
---|---|---|---|---|---|---|
r-devel-linux-x86_64-debian-clang | 0.1.2 | 2.75 | 40.32 | 43.07 | OK | |
r-devel-linux-x86_64-debian-gcc | 0.1.2 | 2.08 | 33.19 | 35.27 | OK | |
r-devel-linux-x86_64-fedora-clang | 0.1.2 | 71.07 | OK | |||
r-devel-linux-x86_64-fedora-gcc | 0.1.2 | 81.19 | OK | |||
r-devel-windows-x86_64 | 0.1.2 | 4.00 | 61.00 | 65.00 | OK | |
r-patched-linux-x86_64 | 0.1.2 | 2.71 | 38.84 | 41.55 | NOTE | |
r-release-linux-x86_64 | 0.1.2 | 2.33 | 39.17 | 41.50 | NOTE | |
r-release-macos-arm64 | 0.1.2 | 28.00 | NOTE | |||
r-release-macos-x86_64 | 0.1.2 | 44.00 | NOTE | |||
r-release-windows-x86_64 | 0.1.2 | 3.00 | 58.00 | 61.00 | NOTE | |
r-oldrel-macos-arm64 | 0.1.2 | 30.00 | NOTE | |||
r-oldrel-macos-x86_64 | 0.1.2 | 44.00 | NOTE | |||
r-oldrel-windows-x86_64 | 0.1.2 | 5.00 | 68.00 | 73.00 | NOTE |
Version: 0.1.2
Check: LazyData
Result: NOTE
'LazyData' is specified without a 'data' directory
Flavors: r-patched-linux-x86_64, r-release-linux-x86_64, r-release-macos-arm64, r-release-macos-x86_64, r-release-windows-x86_64, r-oldrel-macos-arm64, r-oldrel-macos-x86_64, r-oldrel-windows-x86_64