CRAN Package Check Results for Package signnet

Last updated on 2022-07-01 11:52:11 CEST.

Flavor Version Tinstall Tcheck Ttotal Status Flags
r-devel-linux-x86_64-debian-clang 0.8.0 91.38 123.65 215.03 WARN
r-devel-linux-x86_64-debian-gcc 0.8.0 71.80 92.20 164.00 OK
r-devel-linux-x86_64-fedora-clang 0.8.0 296.92 WARN
r-devel-linux-x86_64-fedora-gcc 0.8.0 278.88 OK
r-devel-windows-x86_64 0.8.0 112.00 176.00 288.00 OK
r-patched-linux-x86_64 0.8.0 82.11 120.24 202.35 OK
r-release-linux-x86_64 0.8.0 69.70 119.12 188.82 OK
r-release-macos-arm64 0.8.0 70.00 NOTE
r-release-macos-x86_64 0.8.0 97.00 NOTE
r-release-windows-x86_64 0.8.0 108.00 179.00 287.00 OK
r-oldrel-macos-arm64 0.8.0 64.00 NOTE
r-oldrel-macos-x86_64 0.8.0 100.00 NOTE
r-oldrel-windows-ix86+x86_64 0.8.0 215.00 217.00 432.00 OK

Additional issues

clang14

Check Details

Version: 0.8.0
Check: whether package can be installed
Result: WARN
    Found the following significant warnings:
     optimBlocks.cpp:12:8: warning: use of bitwise '&' with boolean operands [-Wbitwise-instead-of-logical]
     optimBlocks.cpp:15:8: warning: use of bitwise '&' with boolean operands [-Wbitwise-instead-of-logical]
     optimBlocks.cpp:30:8: warning: use of bitwise '&' with boolean operands [-Wbitwise-instead-of-logical]
     optimBlocks.cpp:33:8: warning: use of bitwise '&' with boolean operands [-Wbitwise-instead-of-logical]
     optimBlocks.cpp:36:8: warning: use of bitwise '&' with boolean operands [-Wbitwise-instead-of-logical]
     optimBlocks.cpp:39:8: warning: use of bitwise '&' with boolean operands [-Wbitwise-instead-of-logical]
     optimBlocks.cpp:48:8: warning: use of bitwise '&' with boolean operands [-Wbitwise-instead-of-logical]
     optimBlocks.cpp:51:8: warning: use of bitwise '&' with boolean operands [-Wbitwise-instead-of-logical]
     optimBlocks.cpp:54:8: warning: use of bitwise '&' with boolean operands [-Wbitwise-instead-of-logical]
     optimBlocks.cpp:57:8: warning: use of bitwise '&' with boolean operands [-Wbitwise-instead-of-logical]
     optimBlocksGen.cpp:12:8: warning: use of bitwise '&' with boolean operands [-Wbitwise-instead-of-logical]
     optimBlocksGen.cpp:20:8: warning: use of bitwise '&' with boolean operands [-Wbitwise-instead-of-logical]
     triadCensus.cpp:53:26: warning: use of bitwise '&' with boolean operands [-Wbitwise-instead-of-logical]
Flavor: r-devel-linux-x86_64-debian-clang

Version: 0.8.0
Check: whether package can be installed
Result: WARN
    Found the following significant warnings:
     optimBlocksGen.cpp:12:8: warning: use of bitwise '&' with boolean operands [-Wbitwise-instead-of-logical]
     optimBlocksGen.cpp:20:8: warning: use of bitwise '&' with boolean operands [-Wbitwise-instead-of-logical]
     optimBlocks.cpp:12:8: warning: use of bitwise '&' with boolean operands [-Wbitwise-instead-of-logical]
     optimBlocks.cpp:15:8: warning: use of bitwise '&' with boolean operands [-Wbitwise-instead-of-logical]
     optimBlocks.cpp:30:8: warning: use of bitwise '&' with boolean operands [-Wbitwise-instead-of-logical]
     optimBlocks.cpp:33:8: warning: use of bitwise '&' with boolean operands [-Wbitwise-instead-of-logical]
     optimBlocks.cpp:36:8: warning: use of bitwise '&' with boolean operands [-Wbitwise-instead-of-logical]
     optimBlocks.cpp:39:8: warning: use of bitwise '&' with boolean operands [-Wbitwise-instead-of-logical]
     optimBlocks.cpp:48:8: warning: use of bitwise '&' with boolean operands [-Wbitwise-instead-of-logical]
     optimBlocks.cpp:51:8: warning: use of bitwise '&' with boolean operands [-Wbitwise-instead-of-logical]
     optimBlocks.cpp:54:8: warning: use of bitwise '&' with boolean operands [-Wbitwise-instead-of-logical]
     optimBlocks.cpp:57:8: warning: use of bitwise '&' with boolean operands [-Wbitwise-instead-of-logical]
     triadCensus.cpp:53:26: warning: use of bitwise '&' with boolean operands [-Wbitwise-instead-of-logical]
Flavor: r-devel-linux-x86_64-fedora-clang

Version: 0.8.0
Check: installed package size
Result: NOTE
     installed size is 5.0Mb
     sub-directories of 1Mb or more:
     libs 3.4Mb
Flavors: r-release-macos-arm64, r-release-macos-x86_64, r-oldrel-macos-arm64, r-oldrel-macos-x86_64