CRAN Package Check Results for Package signal

Last updated on 2023-11-30 10:49:02 CET.

Flavor Version Tinstall Tcheck Ttotal Status Flags
r-devel-linux-x86_64-debian-clang 0.7-7 6.93 47.38 54.31 OK
r-devel-linux-x86_64-debian-gcc 1.8-0 5.46 36.71 42.17 OK
r-devel-linux-x86_64-fedora-clang 1.8-0 72.18 NOTE
r-devel-linux-x86_64-fedora-gcc 1.8-0 68.59 NOTE
r-devel-windows-x86_64 1.8-0 10.00 65.00 75.00 OK
r-patched-linux-x86_64 1.8-0 8.46 45.09 53.55 OK
r-release-linux-x86_64 0.7-7 7.12 45.81 52.93 OK
r-release-macos-arm64 1.8-0 39.00 OK
r-release-macos-x86_64 0.7-7 38.00 OK
r-release-windows-x86_64 1.8-0 11.00 68.00 79.00 OK
r-oldrel-macos-arm64 1.8-0 42.00 OK
r-oldrel-macos-x86_64 0.7-7 36.00 OK
r-oldrel-windows-x86_64 1.8-0 11.00 81.00 92.00 OK

Check Details

Version: 1.8-0
Check: compiled code
Result: NOTE File ‘signal/libs/signal.so’: Found no calls to: ‘R_registerRoutines’, ‘R_useDynamicSymbols’ It is good practice to register native routines and to disable symbol search. See ‘Writing portable packages’ in the ‘Writing R Extensions’ manual. Flavors: r-devel-linux-x86_64-fedora-clang, r-devel-linux-x86_64-fedora-gcc