CRAN Package Check Results for Package signal

Last updated on 2022-12-09 11:53:20 CET.

Flavor Version Tinstall Tcheck Ttotal Status Flags
r-devel-linux-x86_64-debian-clang 0.7-7 7.26 50.31 57.57 OK
r-devel-linux-x86_64-debian-gcc 0.7-7 4.92 44.50 49.42 OK
r-devel-linux-x86_64-fedora-clang 0.7-7 80.76 NOTE
r-devel-linux-x86_64-fedora-gcc 0.7-7 78.23 NOTE
r-devel-windows-x86_64 0.7-7 50.00 109.00 159.00 OK
r-patched-linux-x86_64 0.7-7 7.16 45.55 52.71 OK
r-release-linux-x86_64 0.7-7 5.87 45.60 51.47 OK
r-release-macos-arm64 0.7-7 23.00 OK
r-release-macos-x86_64 0.7-7 36.00 OK
r-release-windows-x86_64 0.7-7 37.00 95.00 132.00 OK
r-oldrel-macos-arm64 0.7-7 30.00 OK
r-oldrel-macos-x86_64 0.7-7 46.00 OK
r-oldrel-windows-ix86+x86_64 0.7-7 21.00 80.00 101.00 OK

Check Details

Version: 0.7-7
Check: compiled code
Result: NOTE
    File ‘signal/libs/signal.so’:
     Found no calls to: ‘R_registerRoutines’, ‘R_useDynamicSymbols’
    
    It is good practice to register native routines and to disable symbol
    search.
    
    See ‘Writing portable packages’ in the ‘Writing R Extensions’ manual.
Flavors: r-devel-linux-x86_64-fedora-clang, r-devel-linux-x86_64-fedora-gcc