Last updated on 2024-08-16 12:49:20 CEST.
Flavor | Version | Tinstall | Tcheck | Ttotal | Status | Flags |
---|---|---|---|---|---|---|
r-devel-linux-x86_64-debian-clang | 0.1.0 | 7.80 | 50.22 | 58.02 | NOTE | |
r-devel-linux-x86_64-debian-gcc | 0.1.0 | 5.37 | 37.19 | 42.56 | NOTE | |
r-devel-linux-x86_64-fedora-clang | 0.1.0 | 97.63 | NOTE | |||
r-devel-linux-x86_64-fedora-gcc | 0.1.0 | 102.64 | NOTE | |||
r-devel-windows-x86_64 | 0.1.0 | 12.00 | 70.00 | 82.00 | NOTE | |
r-patched-linux-x86_64 | 0.1.0 | 7.16 | 48.72 | 55.88 | NOTE | |
r-release-linux-x86_64 | 0.1.0 | 7.33 | 48.23 | 55.56 | NOTE | |
r-release-macos-arm64 | 0.1.0 | 38.00 | NOTE | |||
r-release-macos-x86_64 | 0.1.0 | 58.00 | NOTE | |||
r-release-windows-x86_64 | 0.1.0 | 14.00 | 70.00 | 84.00 | NOTE | |
r-oldrel-macos-arm64 | 0.1.0 | 39.00 | NOTE | |||
r-oldrel-macos-x86_64 | 0.1.0 | 59.00 | NOTE | |||
r-oldrel-windows-x86_64 | 0.1.0 | 15.00 | 85.00 | 100.00 | NOTE |
Version: 0.1.0
Check: C++ specification
Result: NOTE
Specified C++11: please drop specification unless essential
Flavors: r-devel-linux-x86_64-debian-clang, r-devel-linux-x86_64-debian-gcc, r-devel-linux-x86_64-fedora-clang, r-devel-linux-x86_64-fedora-gcc, r-devel-windows-x86_64, r-patched-linux-x86_64, r-release-linux-x86_64, r-release-macos-arm64, r-release-macos-x86_64, r-release-windows-x86_64, r-oldrel-macos-arm64, r-oldrel-macos-x86_64, r-oldrel-windows-x86_64
Version: 0.1.0
Check: compiled code
Result: NOTE
File ‘sift/libs/sift.so’:
Found non-API calls to R: ‘SETLENGTH’, ‘SET_GROWABLE_BIT’,
‘SET_TRUELENGTH’
Compiled code should not call non-API entry points in R.
See ‘Writing portable packages’ in the ‘Writing R Extensions’ manual,
and section ‘Moving into C API compliance’ for issues with the use of
non-API entry points.
Flavors: r-devel-linux-x86_64-debian-clang, r-devel-linux-x86_64-debian-gcc, r-devel-linux-x86_64-fedora-clang, r-devel-linux-x86_64-fedora-gcc
Version: 0.1.0
Check: data for non-ASCII characters
Result: NOTE
Note: found 1231 marked UTF-8 strings
Flavors: r-devel-linux-x86_64-fedora-clang, r-devel-linux-x86_64-fedora-gcc
Version: 0.1.0
Check: compiled code
Result: NOTE
File 'sift/libs/x64/sift.dll':
Found non-API calls to R: 'SETLENGTH', 'SET_GROWABLE_BIT',
'SET_TRUELENGTH'
Compiled code should not call non-API entry points in R.
See 'Writing portable packages' in the 'Writing R Extensions' manual,
and section 'Moving into C API compliance' for issues with the use of
non-API entry points.
Flavor: r-devel-windows-x86_64