Last updated on 2025-04-29 12:52:50 CEST.
Flavor | Version | Tinstall | Tcheck | Ttotal | Status | Flags |
---|---|---|---|---|---|---|
r-devel-linux-x86_64-debian-clang | 1.2.3 | 1.98 | 19.92 | 21.90 | NOTE | |
r-devel-linux-x86_64-debian-gcc | 1.2.3 | 1.58 | 15.77 | 17.35 | NOTE | |
r-devel-linux-x86_64-fedora-clang | 1.2.3 | 33.18 | NOTE | |||
r-devel-linux-x86_64-fedora-gcc | 1.2.3 | 31.78 | NOTE | |||
r-devel-windows-x86_64 | 1.2.3 | 3.00 | 46.00 | 49.00 | NOTE | |
r-patched-linux-x86_64 | 1.2.3 | 2.09 | 19.20 | 21.29 | NOTE | |
r-release-linux-x86_64 | 1.2.3 | 1.84 | 19.18 | 21.02 | NOTE | |
r-release-macos-arm64 | 1.2.3 | 15.00 | NOTE | |||
r-release-macos-x86_64 | 1.2.3 | 23.00 | NOTE | |||
r-release-windows-x86_64 | 1.2.3 | 4.00 | 42.00 | 46.00 | NOTE | |
r-oldrel-macos-arm64 | 1.2.3 | 15.00 | NOTE | |||
r-oldrel-macos-x86_64 | 1.2.3 | 20.00 | NOTE | |||
r-oldrel-windows-x86_64 | 1.2.3 | 3.00 | 39.00 | 42.00 | NOTE |
Version: 1.2.3
Check: CRAN incoming feasibility
Result: NOTE
Maintainer: ‘Petr Matousu <pmatousu@more-praha.cz>’
No Authors@R field in DESCRIPTION.
Please add one, modifying
Authors@R: person(given = "Petr",
family = "Matousu",
role = c("aut", "cre"),
email = "pmatousu@more-praha.cz")
as necessary.
Flavors: r-devel-linux-x86_64-debian-clang, r-devel-linux-x86_64-debian-gcc
Version: 1.2.3
Check: Rd files
Result: NOTE
checkRd: (-1) drr.Rd:36: Lost braces; missing escapes or markup?
36 | \code{drr} {is Rosin - Rammler probability density function}\cr
| ^
checkRd: (-1) drr.Rd:37: Lost braces; missing escapes or markup?
37 | \code{urr} {is Rosin - Rammler cumulative distribution function (CDF) representing undersize mass fraction}\cr
| ^
checkRd: (-1) drr.Rd:38: Lost braces
38 | \code{orr} {is Rosin - Rammler complementary CDF representing oversize mass fraction ie. relative remainder on the sieve with the mesh size \code{x}}\cr
| ^
Flavors: r-devel-linux-x86_64-debian-clang, r-devel-linux-x86_64-debian-gcc, r-devel-linux-x86_64-fedora-clang, r-devel-linux-x86_64-fedora-gcc, r-devel-windows-x86_64, r-patched-linux-x86_64, r-release-linux-x86_64, r-release-macos-arm64, r-release-macos-x86_64, r-release-windows-x86_64, r-oldrel-macos-arm64, r-oldrel-macos-x86_64, r-oldrel-windows-x86_64