Last updated on 2025-04-29 12:52:50 CEST.
Flavor | Version | Tinstall | Tcheck | Ttotal | Status | Flags |
---|---|---|---|---|---|---|
r-devel-linux-x86_64-debian-clang | 1.0.1 | 1.68 | 22.92 | 24.60 | NOTE | |
r-devel-linux-x86_64-debian-gcc | 1.0.1 | 1.45 | 19.68 | 21.13 | NOTE | |
r-devel-linux-x86_64-fedora-clang | 1.0.1 | 39.29 | OK | |||
r-devel-linux-x86_64-fedora-gcc | 1.0.1 | 39.96 | OK | |||
r-devel-windows-x86_64 | 1.0.1 | 3.00 | 49.00 | 52.00 | OK | |
r-patched-linux-x86_64 | 1.0.1 | 1.69 | 24.36 | 26.05 | OK | |
r-release-linux-x86_64 | 1.0.1 | 1.72 | 24.57 | 26.29 | OK | |
r-release-macos-arm64 | 1.0.1 | 19.00 | OK | |||
r-release-macos-x86_64 | 1.0.1 | 31.00 | OK | |||
r-release-windows-x86_64 | 1.0.1 | 3.00 | 50.00 | 53.00 | OK | |
r-oldrel-macos-arm64 | 1.0.1 | 18.00 | OK | |||
r-oldrel-macos-x86_64 | 1.0.1 | 39.00 | OK | |||
r-oldrel-windows-x86_64 | 1.0.1 | 2.00 | 48.00 | 50.00 | OK |
Version: 1.0.1
Check: CRAN incoming feasibility
Result: NOTE
Maintainer: ‘Yuval Benjamini <yuvalbenj@gmail.com>’
No Authors@R field in DESCRIPTION.
Please add one, modifying
Authors@R: person(given = "Yuval",
family = "Benjamini",
role = c("aut", "cre"),
email = "yuvalbenj@gmail.com")
as necessary.
Flavors: r-devel-linux-x86_64-debian-clang, r-devel-linux-x86_64-debian-gcc