CRAN Package Check Results for Package shrinkTVP

Last updated on 2022-06-29 11:52:21 CEST.

Flavor Version Tinstall Tcheck Ttotal Status Flags
r-devel-linux-x86_64-debian-clang 2.0.5 214.34 65.59 279.93 WARN
r-devel-linux-x86_64-debian-gcc 2.0.5 159.97 50.69 210.66 OK
r-devel-linux-x86_64-fedora-clang 2.0.5 422.15 WARN
r-devel-linux-x86_64-fedora-gcc 2.0.5 375.44 OK
r-devel-windows-x86_64 2.0.5 158.00 140.00 298.00 OK
r-patched-linux-x86_64 2.0.5 185.02 63.58 248.60 OK
r-release-linux-x86_64 2.0.5 170.55 64.17 234.72 OK
r-release-macos-arm64 2.0.5 90.00 NOTE
r-release-macos-x86_64 2.0.5 109.00 NOTE
r-release-windows-x86_64 2.0.5 162.00 145.00 307.00 OK
r-oldrel-macos-arm64 2.0.5 79.00 NOTE
r-oldrel-macos-x86_64 2.0.5 108.00 NOTE
r-oldrel-windows-ix86+x86_64 2.0.5 510.00 139.00 649.00 OK

Additional issues

clang14

Check Details

Version: 2.0.5
Check: whether package can be installed
Result: WARN
    Found the following significant warnings:
     TG_sampling_functions.cpp:50:7: warning: use of bitwise '|' with boolean operands [-Wbitwise-instead-of-logical]
     cpp_utilities.cpp:33:7: warning: use of bitwise '|' with boolean operands [-Wbitwise-instead-of-logical]
     do_rgig1.cpp:149:14: warning: use of bitwise '&' with boolean operands [-Wbitwise-instead-of-logical]
     shrinkTVP.cpp:146:7: warning: use of bitwise '&' with boolean operands [-Wbitwise-instead-of-logical]
     shrinkTVP.cpp:151:7: warning: use of bitwise '&' with boolean operands [-Wbitwise-instead-of-logical]
     shrinkTVP.cpp:156:7: warning: use of bitwise '&' with boolean operands [-Wbitwise-instead-of-logical]
     shrinkTVP.cpp:161:7: warning: use of bitwise '&' with boolean operands [-Wbitwise-instead-of-logical]
     shrinkTVP.cpp:620:11: warning: use of bitwise '&' with boolean operands [-Wbitwise-instead-of-logical]
     shrinkTVP.cpp:624:11: warning: use of bitwise '&' with boolean operands [-Wbitwise-instead-of-logical]
     shrinkTVP.cpp:628:11: warning: use of bitwise '&' with boolean operands [-Wbitwise-instead-of-logical]
     shrinkTVP.cpp:632:11: warning: use of bitwise '&' with boolean operands [-Wbitwise-instead-of-logical]
Flavors: r-devel-linux-x86_64-debian-clang, r-devel-linux-x86_64-fedora-clang

Version: 2.0.5
Check: installed package size
Result: NOTE
     installed size is 6.1Mb
     sub-directories of 1Mb or more:
     libs 5.2Mb
Flavors: r-devel-linux-x86_64-fedora-clang, r-release-macos-arm64, r-release-macos-x86_64, r-oldrel-macos-arm64, r-oldrel-macos-x86_64