Last updated on 2023-12-09 11:49:38 CET.
Flavor | Version | Tinstall | Tcheck | Ttotal | Status | Flags |
---|---|---|---|---|---|---|
r-devel-linux-x86_64-debian-clang | 2.1.1 | 230.06 | 67.55 | 297.61 | OK | |
r-devel-linux-x86_64-debian-gcc | 2.1.1 | 151.30 | 51.58 | 202.88 | OK | |
r-devel-linux-x86_64-fedora-clang | 2.1.1 | 448.76 | OK | |||
r-devel-linux-x86_64-fedora-gcc | 2.1.1 | 476.69 | OK | |||
r-devel-windows-x86_64 | 2.1.1 | 167.00 | 115.00 | 282.00 | OK | |
r-patched-linux-x86_64 | 2.1.1 | 202.68 | 65.93 | 268.61 | OK | |
r-release-linux-x86_64 | 2.1.1 | 178.44 | 64.57 | 243.01 | OK | |
r-release-macos-arm64 | 2.1.1 | 97.00 | NOTE | |||
r-release-macos-x86_64 | 2.1.1 | 260.00 | NOTE | |||
r-release-windows-x86_64 | 2.1.1 | 216.00 | 123.00 | 339.00 | OK | |
r-oldrel-macos-arm64 | 2.1.1 | 89.00 | NOTE | |||
r-oldrel-macos-x86_64 | 2.0.6 | 111.00 | NOTE | |||
r-oldrel-windows-x86_64 | 2.1.1 | 206.00 | 122.00 | 328.00 | OK |
Version: 2.1.1
Check: installed package size
Result: NOTE
installed size is 8.2Mb
sub-directories of 1Mb or more:
libs 7.3Mb
Flavors: r-release-macos-arm64, r-release-macos-x86_64, r-oldrel-macos-arm64
Version: 2.0.6
Check: installed package size
Result: NOTE
installed size is 8.4Mb
sub-directories of 1Mb or more:
libs 7.5Mb
Flavor: r-oldrel-macos-x86_64