Last updated on 2025-05-07 11:55:42 CEST.
Flavor | Version | Tinstall | Tcheck | Ttotal | Status | Flags |
---|---|---|---|---|---|---|
r-devel-linux-x86_64-debian-clang | 0.1.3 | 5.36 | 51.75 | 57.11 | NOTE | |
r-devel-linux-x86_64-debian-gcc | 0.1.3 | 3.80 | 36.07 | 39.87 | NOTE | |
r-devel-linux-x86_64-fedora-clang | 0.1.3 | 81.31 | OK | |||
r-devel-linux-x86_64-fedora-gcc | 0.1.3 | 84.03 | OK | |||
r-devel-windows-x86_64 | 0.1.3 | 8.00 | 67.00 | 75.00 | OK | |
r-patched-linux-x86_64 | 0.1.3 | 4.71 | 47.89 | 52.60 | OK | |
r-release-linux-x86_64 | 0.1.3 | 5.40 | 47.52 | 52.92 | OK | |
r-release-macos-arm64 | 0.1.3 | 26.00 | OK | |||
r-release-macos-x86_64 | 0.1.3 | 42.00 | OK | |||
r-release-windows-x86_64 | 0.1.3 | 8.00 | 66.00 | 74.00 | OK | |
r-oldrel-macos-arm64 | 0.1.3 | 24.00 | OK | |||
r-oldrel-macos-x86_64 | 0.1.3 | 38.00 | OK | |||
r-oldrel-windows-x86_64 | 0.1.3 | 8.00 | 78.00 | 86.00 | OK |
Version: 0.1.3
Check: CRAN incoming feasibility
Result: NOTE
Maintainer: ‘Ottavia M. Epifania <ottavia.epifania@unipd.it>’
No Authors@R field in DESCRIPTION.
Please add one, modifying
Authors@R: person(given = c("Ottavia", "M."),
family = "Epifania",
role = c("ctb", "aut", "cre"),
email = "egidio.robusto@unipd.it")
as necessary.
Flavors: r-devel-linux-x86_64-debian-clang, r-devel-linux-x86_64-debian-gcc