Last updated on 2025-11-04 11:52:43 CET.
| Flavor | Version | Tinstall | Tcheck | Ttotal | Status | Flags | 
|---|---|---|---|---|---|---|
| r-devel-linux-x86_64-debian-clang | 0.1.0 | 1.35 | 21.55 | 22.90 | NOTE | |
| r-devel-linux-x86_64-debian-gcc | 0.1.0 | 1.47 | 17.84 | 19.31 | NOTE | |
| r-devel-linux-x86_64-fedora-clang | 0.1.0 | 32.76 | NOTE | |||
| r-devel-linux-x86_64-fedora-gcc | 0.1.0 | 31.07 | NOTE | |||
| r-devel-windows-x86_64 | 0.1.0 | 4.00 | 40.00 | 44.00 | NOTE | |
| r-patched-linux-x86_64 | 0.1.0 | 1.78 | 19.48 | 21.26 | NOTE | |
| r-release-linux-x86_64 | 0.1.0 | 1.26 | 19.39 | 20.65 | NOTE | |
| r-release-macos-arm64 | 0.1.0 | 1.00 | 18.00 | 19.00 | NOTE | |
| r-release-macos-x86_64 | 0.1.0 | 2.00 | 23.00 | 25.00 | NOTE | |
| r-release-windows-x86_64 | 0.1.0 | 3.00 | 40.00 | 43.00 | NOTE | |
| r-oldrel-macos-arm64 | 0.1.0 | 1.00 | 15.00 | 16.00 | NOTE | |
| r-oldrel-macos-x86_64 | 0.1.0 | 1.00 | 20.00 | 21.00 | NOTE | |
| r-oldrel-windows-x86_64 | 0.1.0 | 4.00 | 45.00 | 49.00 | NOTE | 
Version: 0.1.0
Check: Rd files
Result: NOTE
  checkRd: (-1) run_shinytitle_example.Rd:18: Lost braces in \itemize; meant \describe ?
  checkRd: (-1) run_shinytitle_example.Rd:19: Lost braces in \itemize; meant \describe ?
Flavors: r-devel-linux-x86_64-debian-clang, r-devel-linux-x86_64-debian-gcc, r-devel-linux-x86_64-fedora-clang, r-devel-linux-x86_64-fedora-gcc, r-devel-windows-x86_64, r-patched-linux-x86_64, r-release-linux-x86_64, r-release-macos-arm64, r-release-macos-x86_64, r-release-windows-x86_64, r-oldrel-macos-arm64, r-oldrel-macos-x86_64, r-oldrel-windows-x86_64