CRAN Package Check Results for Package shinyreforms

Last updated on 2022-06-29 11:52:21 CEST.

Flavor Version Tinstall Tcheck Ttotal Status Flags
r-devel-linux-x86_64-debian-clang 0.0.1 6.33 43.17 49.50 NOTE
r-devel-linux-x86_64-debian-gcc 0.0.1 4.41 33.51 37.92 NOTE
r-devel-linux-x86_64-fedora-clang 0.0.1 69.15 NOTE
r-devel-linux-x86_64-fedora-gcc 0.0.1 68.74 NOTE
r-devel-windows-x86_64 0.0.1 23.00 72.00 95.00 NOTE
r-patched-linux-x86_64 0.0.1 4.05 42.09 46.14 NOTE
r-release-linux-x86_64 0.0.1 4.93 41.47 46.40 NOTE
r-release-macos-arm64 0.0.1 21.00 NOTE
r-release-macos-x86_64 0.0.1 42.00 NOTE
r-release-windows-x86_64 0.0.1 24.00 75.00 99.00 NOTE
r-oldrel-macos-arm64 0.0.1 24.00 NOTE
r-oldrel-macos-x86_64 0.0.1 38.00 NOTE
r-oldrel-windows-ix86+x86_64 0.0.1 13.00 70.00 83.00 NOTE

Check Details

Version: 0.0.1
Check: LazyData
Result: NOTE
     'LazyData' is specified without a 'data' directory
Flavors: r-devel-linux-x86_64-debian-clang, r-devel-linux-x86_64-debian-gcc, r-devel-linux-x86_64-fedora-clang, r-devel-linux-x86_64-fedora-gcc, r-devel-windows-x86_64, r-patched-linux-x86_64, r-release-linux-x86_64, r-release-macos-arm64, r-release-macos-x86_64, r-release-windows-x86_64, r-oldrel-macos-arm64, r-oldrel-macos-x86_64, r-oldrel-windows-ix86+x86_64