CRAN Package Check Results for Package shinyr

Last updated on 2022-06-29 11:52:21 CEST.

Flavor Version Tinstall Tcheck Ttotal Status Flags
r-devel-linux-x86_64-debian-clang 0.3.0 19.68 160.94 180.62 OK
r-devel-linux-x86_64-debian-gcc 0.3.0 12.83 122.04 134.87 OK
r-devel-linux-x86_64-fedora-clang 0.3.0 223.65 NOTE
r-devel-linux-x86_64-fedora-gcc 0.3.0 221.45 NOTE
r-devel-windows-x86_64 0.3.0 50.00 193.00 243.00 OK
r-patched-linux-x86_64 0.3.0 16.62 155.42 172.04 OK
r-release-linux-x86_64 0.3.0 13.53 154.06 167.59 OK
r-release-macos-arm64 0.3.0 62.00 NOTE
r-release-macos-x86_64 0.3.0 110.00 NOTE
r-release-windows-x86_64 0.3.0 60.00 194.00 254.00 OK
r-oldrel-macos-arm64 0.3.0 65.00 NOTE
r-oldrel-macos-x86_64 0.3.0 81.00 NOTE
r-oldrel-windows-ix86+x86_64 0.3.0 43.00 172.00 215.00 OK

Check Details

Version: 0.3.0
Check: dependencies in R code
Result: NOTE
    Namespaces in Imports field not imported from:
     ‘e1071’ ‘knitr’
     All declared Imports should be used.
Flavors: r-devel-linux-x86_64-fedora-clang, r-devel-linux-x86_64-fedora-gcc, r-release-macos-arm64, r-release-macos-x86_64, r-oldrel-macos-arm64, r-oldrel-macos-x86_64