Last updated on 2023-11-28 13:51:09 CET.
Flavor | Version | Tinstall | Tcheck | Ttotal | Status | Flags |
---|---|---|---|---|---|---|
r-devel-linux-x86_64-debian-clang | 0.2.1 | 6.90 | 78.13 | 85.03 | NOTE | |
r-devel-linux-x86_64-debian-gcc | 0.2.1 | 6.45 | 57.53 | 63.98 | NOTE | |
r-devel-linux-x86_64-fedora-clang | 0.2.1 | 105.98 | OK | |||
r-devel-linux-x86_64-fedora-gcc | 0.2.1 | 111.86 | OK | |||
r-devel-windows-x86_64 | 0.2.1 | 8.00 | 78.00 | 86.00 | OK | |
r-patched-linux-x86_64 | 0.2.1 | 8.20 | 74.12 | 82.32 | OK | |
r-release-linux-x86_64 | 0.2.1 | 7.66 | 73.85 | 81.51 | OK | |
r-release-macos-arm64 | 0.2.1 | 39.00 | OK | |||
r-release-macos-x86_64 | 0.2.1 | 65.00 | OK | |||
r-release-windows-x86_64 | 0.2.1 | 11.00 | 86.00 | 97.00 | OK | |
r-oldrel-macos-arm64 | 0.2.1 | 34.00 | OK | |||
r-oldrel-macos-x86_64 | 0.2.1 | 46.00 | OK | |||
r-oldrel-windows-x86_64 | 0.2.1 | 12.00 | 88.00 | 100.00 | OK |
Version: 0.2.1
Check: Rd files
Result: NOTE
checkRd: (-1) store_googledrive.Rd:19: Lost braces; missing escapes or markup?
19 | See the {gargle} package to manage authentication, and especially
| ^
checkRd: (-1) store_googledrive.Rd:20: Lost braces; missing escapes or markup?
20 | \href{https://gargle.r-lib.org/articles/articles/managing-tokens-securely.html}{this vignette from {gargle} package} to manage the process.
| ^
Flavors: r-devel-linux-x86_64-debian-clang, r-devel-linux-x86_64-debian-gcc