CRAN Package Check Results for Package shinyhttr

Last updated on 2025-01-18 15:03:01 CET.

Flavor Version Tinstall Tcheck Ttotal Status Flags
r-devel-linux-x86_64-debian-clang 1.1.0 1.57 16.74 18.31 OK
r-devel-linux-x86_64-debian-gcc 1.1.0 1.33 13.84 15.17 OK
r-devel-linux-x86_64-fedora-clang 1.1.0 29.63 NOTE
r-devel-linux-x86_64-fedora-gcc 1.1.0 28.91 NOTE
r-devel-windows-x86_64 1.1.0 5.00 38.00 43.00 OK
r-patched-linux-x86_64 1.1.0 1.73 16.11 17.84 NOTE
r-release-linux-x86_64 1.1.0 1.65 16.19 17.84 NOTE
r-release-macos-arm64 1.1.0 14.00 NOTE
r-release-macos-x86_64 1.1.0 20.00 NOTE
r-release-windows-x86_64 1.1.0 5.00 40.00 45.00 NOTE
r-oldrel-macos-arm64 1.1.0 15.00 NOTE
r-oldrel-macos-x86_64 1.1.0 18.00 NOTE
r-oldrel-windows-x86_64 1.1.0 3.00 37.00 40.00 NOTE

Check Details

Version: 1.1.0
Check: dependencies in R code
Result: NOTE Namespace in Imports field not imported from: ‘httr’ All declared Imports should be used. Flavors: r-devel-linux-x86_64-fedora-clang, r-devel-linux-x86_64-fedora-gcc

Version: 1.1.0
Check: LazyData
Result: NOTE 'LazyData' is specified without a 'data' directory Flavors: r-patched-linux-x86_64, r-release-linux-x86_64, r-release-macos-arm64, r-release-macos-x86_64, r-release-windows-x86_64, r-oldrel-macos-arm64, r-oldrel-macos-x86_64, r-oldrel-windows-x86_64