Last updated on 2024-05-01 12:14:38 CEST.
Flavor | Version | Tinstall | Tcheck | Ttotal | Status | Flags |
---|---|---|---|---|---|---|
r-devel-linux-x86_64-debian-clang | 1.0.0.1 | 7.43 | 44.68 | 52.11 | OK | |
r-devel-linux-x86_64-debian-gcc | 1.0.0.1 | 5.76 | 33.42 | 39.18 | OK | |
r-devel-linux-x86_64-fedora-clang | 1.0.0.1 | 64.33 | NOTE | |||
r-devel-linux-x86_64-fedora-gcc | 1.0.0.1 | 65.15 | NOTE | |||
r-devel-windows-x86_64 | 1.0.0.1 | 10.00 | 53.00 | 63.00 | OK | |
r-patched-linux-x86_64 | 1.0.0.1 | 7.59 | 42.33 | 49.92 | OK | |
r-release-linux-x86_64 | 1.0.0.1 | 8.35 | 41.25 | 49.60 | OK | |
r-release-macos-arm64 | 1.0.0.1 | 21.00 | OK | |||
r-release-windows-x86_64 | 1.0.0.1 | 10.00 | 53.00 | 63.00 | OK | |
r-oldrel-macos-arm64 | 1.0.0.1 | 30.00 | OK | |||
r-oldrel-macos-x86_64 | 1.0.0.1 | 43.00 | OK | |||
r-oldrel-windows-x86_64 | 1.0.0.1 | 11.00 | 57.00 | 68.00 | OK |
Version: 1.0.0.1
Check: dependencies in R code
Result: NOTE
Namespaces in Imports field not imported from:
‘DT’ ‘billboarder’ ‘glue’ ‘scrypt’ ‘yaml’
All declared Imports should be used.
Flavors: r-devel-linux-x86_64-fedora-clang, r-devel-linux-x86_64-fedora-gcc