Last updated on 2024-04-18 12:53:01 CEST.
Flavor | Version | Tinstall | Tcheck | Ttotal | Status | Flags |
---|---|---|---|---|---|---|
r-devel-linux-x86_64-debian-clang | 1.8.0 | 2.60 | 32.20 | 34.80 | NOTE | |
r-devel-linux-x86_64-debian-gcc | 1.8.0 | 2.08 | 23.70 | 25.78 | NOTE | |
r-devel-linux-x86_64-fedora-clang | 1.8.0 | 44.56 | NOTE | |||
r-devel-linux-x86_64-fedora-gcc | 1.8.0 | 42.51 | NOTE | |||
r-prerel-macos-arm64 | 1.8.0 | 19.00 | NOTE | |||
r-prerel-windows-x86_64 | 1.8.0 | 4.00 | 44.00 | 48.00 | NOTE | |
r-patched-linux-x86_64 | 1.8.0 | 1.77 | 31.41 | 33.18 | NOTE | |
r-release-linux-x86_64 | 1.8.0 | 1.59 | 31.50 | 33.09 | NOTE | |
r-release-macos-arm64 | 1.8.0 | 20.00 | NOTE | |||
r-release-macos-x86_64 | 1.8.0 | 27.00 | NOTE | |||
r-release-windows-x86_64 | 1.8.0 | 5.00 | 47.00 | 52.00 | NOTE | |
r-oldrel-macos-arm64 | 1.8.0 | 20.00 | NOTE | |||
r-oldrel-windows-x86_64 | 1.8.0 | 5.00 | 53.00 | 58.00 | NOTE |
Version: 1.8.0
Check: package dependencies
Result: NOTE
Package suggested but not available for checking: ‘cmdstanr’
Flavors: r-devel-linux-x86_64-debian-clang, r-devel-linux-x86_64-debian-gcc, r-devel-linux-x86_64-fedora-clang, r-devel-linux-x86_64-fedora-gcc, r-prerel-macos-arm64, r-prerel-windows-x86_64, r-patched-linux-x86_64, r-release-linux-x86_64, r-release-macos-arm64, r-release-macos-x86_64, r-release-windows-x86_64, r-oldrel-macos-arm64, r-oldrel-windows-x86_64