CRAN Package Check Results for Package shinybrms

Last updated on 2022-06-29 11:52:21 CEST.

Flavor Version Tinstall Tcheck Ttotal Status Flags
r-devel-linux-x86_64-debian-clang 1.7.0 2.10 29.81 31.91 NOTE
r-devel-linux-x86_64-debian-gcc 1.7.0 1.58 23.38 24.96 NOTE
r-devel-linux-x86_64-fedora-clang 1.7.0 50.36 WARN
r-devel-linux-x86_64-fedora-gcc 1.7.0 49.69 WARN
r-devel-windows-x86_64 1.7.0 478.00 55.00 533.00 NOTE
r-patched-linux-x86_64 1.7.0 2.81 29.81 32.62 NOTE
r-release-linux-x86_64 1.7.0 2.66 29.70 32.36 NOTE
r-release-macos-arm64 1.7.0 19.00 NOTE
r-release-macos-x86_64 1.7.0 27.00 NOTE
r-release-windows-x86_64 1.7.0 450.00 56.00 506.00 NOTE
r-oldrel-macos-arm64 1.7.0 20.00 NOTE
r-oldrel-macos-x86_64 1.7.0 25.00 NOTE
r-oldrel-windows-ix86+x86_64 1.7.0 9.00 55.00 64.00 NOTE

Check Details

Version: 1.7.0
Check: package dependencies
Result: NOTE
    Package suggested but not available for checking: 'cmdstanr'
Flavors: r-devel-linux-x86_64-debian-clang, r-devel-linux-x86_64-debian-gcc, r-devel-windows-x86_64, r-patched-linux-x86_64, r-release-linux-x86_64, r-release-macos-arm64, r-release-macos-x86_64, r-release-windows-x86_64, r-oldrel-macos-arm64, r-oldrel-macos-x86_64, r-oldrel-windows-ix86+x86_64

Version: 1.7.0
Check: package dependencies
Result: WARN
    Package suggested but not available for checking: ‘cmdstanr’
    
    Requires (indirectly) orphaned package: ‘gtools’
Flavors: r-devel-linux-x86_64-fedora-clang, r-devel-linux-x86_64-fedora-gcc