CRAN Package Check Results for Package shinySIR

Last updated on 2023-09-29 12:57:10 CEST.

Flavor Version Tinstall Tcheck Ttotal Status Flags
r-devel-linux-x86_64-debian-clang 0.1.2 8.77 67.36 76.13 NOTE
r-devel-linux-x86_64-debian-gcc 0.1.2 7.65 49.91 57.56 NOTE
r-devel-linux-x86_64-fedora-clang 0.1.2 91.64 NOTE
r-devel-linux-x86_64-fedora-gcc 0.1.2 109.14 NOTE
r-devel-windows-x86_64 0.1.2 10.00 70.00 80.00 NOTE
r-patched-linux-x86_64 0.1.2 6.48 62.28 68.76 NOTE
r-release-linux-x86_64 0.1.2 5.99 63.46 69.45 NOTE
r-release-macos-arm64 0.1.2 49.00 NOTE
r-release-macos-x86_64 0.1.2 54.00 NOTE
r-release-windows-x86_64 0.1.2 13.00 82.00 95.00 NOTE
r-oldrel-macos-arm64 0.1.2 29.00 NOTE
r-oldrel-macos-x86_64 0.1.2 55.00 NOTE
r-oldrel-windows-x86_64 0.1.2 13.00 84.00 97.00 NOTE

Check Details

Version: 0.1.2
Check: LazyData
Result: NOTE
     'LazyData' is specified without a 'data' directory
Flavors: r-devel-linux-x86_64-debian-clang, r-devel-linux-x86_64-debian-gcc, r-devel-linux-x86_64-fedora-clang, r-devel-linux-x86_64-fedora-gcc, r-devel-windows-x86_64, r-patched-linux-x86_64, r-release-linux-x86_64, r-release-macos-arm64, r-release-macos-x86_64, r-release-windows-x86_64, r-oldrel-macos-arm64, r-oldrel-macos-x86_64, r-oldrel-windows-x86_64