Last updated on 2023-09-21 12:57:24 CEST.
Flavor | Version | Tinstall | Tcheck | Ttotal | Status | Flags |
---|---|---|---|---|---|---|
r-devel-linux-x86_64-debian-clang | 0.8.6 | 7.01 | 64.63 | 71.64 | OK | |
r-devel-linux-x86_64-debian-gcc | 0.8.6 | 7.95 | 49.37 | 57.32 | OK | |
r-devel-linux-x86_64-fedora-clang | 0.8.6 | 95.18 | NOTE | |||
r-devel-linux-x86_64-fedora-gcc | 0.8.6 | 94.45 | NOTE | |||
r-devel-windows-x86_64 | 0.8.6 | 10.00 | 69.00 | 79.00 | OK | |
r-patched-linux-x86_64 | 0.8.6 | 6.50 | 61.53 | 68.03 | OK | |
r-release-linux-x86_64 | 0.8.6 | 7.11 | 62.15 | 69.26 | OK | |
r-release-macos-arm64 | 0.8.6 | 29.00 | OK | |||
r-release-macos-x86_64 | 0.8.6 | 54.00 | OK | |||
r-release-windows-x86_64 | 0.8.6 | 12.00 | 76.00 | 88.00 | OK | |
r-oldrel-macos-arm64 | 0.8.6 | 31.00 | NOTE | |||
r-oldrel-macos-x86_64 | 0.8.6 | 41.00 | NOTE | |||
r-oldrel-windows-x86_64 | 0.8.6 | 13.00 | 83.00 | 96.00 | OK |
Version: 0.8.6
Check: data for non-ASCII characters
Result: NOTE
Note: found 2 marked UTF-8 strings
Flavors: r-devel-linux-x86_64-fedora-clang, r-devel-linux-x86_64-fedora-gcc, r-oldrel-macos-arm64, r-oldrel-macos-x86_64