CRAN Package Check Results for Package shinyMonacoEditor

Last updated on 2023-09-23 11:50:29 CEST.

Flavor Version Tinstall Tcheck Ttotal Status Flags
r-devel-linux-x86_64-debian-clang 1.1.0 6.38 34.47 40.85 NOTE
r-devel-linux-x86_64-debian-gcc 1.1.0 4.58 27.00 31.58 NOTE
r-devel-linux-x86_64-fedora-clang 1.1.0 51.11 NOTE
r-devel-linux-x86_64-fedora-gcc 1.1.0 47.29 NOTE
r-devel-windows-x86_64 1.1.0 11.00 49.00 60.00 NOTE
r-patched-linux-x86_64 1.1.0 5.92 33.67 39.59 NOTE
r-release-linux-x86_64 1.1.0 6.34 34.23 40.57 NOTE
r-release-macos-arm64 1.1.0 23.00 NOTE
r-release-macos-x86_64 1.1.0 31.00 NOTE
r-release-windows-x86_64 1.1.0 11.00 50.00 61.00 NOTE
r-oldrel-macos-arm64 1.1.0 20.00 NOTE
r-oldrel-macos-x86_64 1.1.0 39.00 NOTE
r-oldrel-windows-x86_64 1.1.0 13.00 58.00 71.00 NOTE

Check Details

Version: 1.1.0
Check: LazyData
Result: NOTE
     'LazyData' is specified without a 'data' directory
Flavors: r-devel-linux-x86_64-debian-clang, r-devel-linux-x86_64-debian-gcc, r-devel-linux-x86_64-fedora-clang, r-devel-linux-x86_64-fedora-gcc, r-devel-windows-x86_64, r-patched-linux-x86_64, r-release-linux-x86_64, r-release-macos-arm64, r-release-macos-x86_64, r-release-windows-x86_64, r-oldrel-macos-arm64, r-oldrel-macos-x86_64, r-oldrel-windows-x86_64

Version: 1.1.0
Check: installed package size
Result: NOTE
     installed size is 21.6Mb
     sub-directories of 1Mb or more:
     shinyApp 21.4Mb
Flavors: r-devel-linux-x86_64-fedora-clang, r-devel-windows-x86_64, r-release-macos-arm64, r-release-macos-x86_64, r-release-windows-x86_64, r-oldrel-macos-arm64, r-oldrel-macos-x86_64, r-oldrel-windows-x86_64