CRAN Package Check Results for Package shinyML

Last updated on 2022-06-28 12:52:37 CEST.

Flavor Version Tinstall Tcheck Ttotal Status Flags
r-devel-linux-x86_64-debian-clang 1.0.1 15.15 116.47 131.62 NOTE
r-devel-linux-x86_64-debian-gcc 1.0.1 12.66 86.24 98.90 NOTE
r-devel-linux-x86_64-fedora-clang 1.0.1 163.14 NOTE
r-devel-linux-x86_64-fedora-gcc 1.0.1 164.37 NOTE
r-devel-windows-x86_64 1.0.1 20.00 135.00 155.00 NOTE
r-patched-linux-x86_64 1.0.1 11.69 107.96 119.65 NOTE
r-release-linux-x86_64 1.0.1 12.21 111.08 123.29 NOTE
r-release-macos-arm64 1.0.1 43.00 NOTE
r-release-macos-x86_64 1.0.1 73.00 NOTE
r-release-windows-x86_64 1.0.1 21.00 127.00 148.00 NOTE
r-oldrel-macos-arm64 1.0.1 53.00 NOTE
r-oldrel-macos-x86_64 1.0.1 80.00 NOTE
r-oldrel-windows-ix86+x86_64 1.0.1 37.00 132.00 169.00 NOTE

Check Details

Version: 1.0.1
Check: LazyData
Result: NOTE
     'LazyData' is specified without a 'data' directory
Flavors: r-devel-linux-x86_64-debian-clang, r-devel-linux-x86_64-debian-gcc, r-devel-linux-x86_64-fedora-clang, r-devel-linux-x86_64-fedora-gcc, r-devel-windows-x86_64, r-patched-linux-x86_64, r-release-linux-x86_64, r-release-macos-arm64, r-release-macos-x86_64, r-release-windows-x86_64, r-oldrel-macos-arm64, r-oldrel-macos-x86_64, r-oldrel-windows-ix86+x86_64