CRAN Package Check Results for Package shiny.router

Last updated on 2022-06-28 12:52:36 CEST.

Flavor Version Tinstall Tcheck Ttotal Status Flags
r-devel-linux-x86_64-debian-clang 0.2.2 3.10 31.06 34.16 NOTE
r-devel-linux-x86_64-debian-gcc 0.2.2 2.46 24.95 27.41 NOTE
r-devel-linux-x86_64-fedora-clang 0.2.2 52.84 NOTE
r-devel-linux-x86_64-fedora-gcc 0.2.2 52.36 NOTE
r-devel-windows-x86_64 0.2.2 26.00 56.00 82.00 NOTE
r-patched-linux-x86_64 0.2.2 3.32 31.68 35.00 NOTE
r-release-linux-x86_64 0.2.2 2.27 31.37 33.64 NOTE
r-release-macos-arm64 0.2.2 19.00 NOTE
r-release-macos-x86_64 0.2.2 31.00 NOTE
r-release-windows-x86_64 0.2.2 32.00 57.00 89.00 NOTE
r-oldrel-macos-arm64 0.2.2 23.00 NOTE
r-oldrel-macos-x86_64 0.2.2 31.00 NOTE
r-oldrel-windows-ix86+x86_64 0.2.2 8.00 56.00 64.00 NOTE

Check Details

Version: 0.2.2
Check: LazyData
Result: NOTE
     'LazyData' is specified without a 'data' directory
Flavors: r-devel-linux-x86_64-debian-clang, r-devel-linux-x86_64-debian-gcc, r-devel-linux-x86_64-fedora-clang, r-devel-linux-x86_64-fedora-gcc, r-devel-windows-x86_64, r-patched-linux-x86_64, r-release-linux-x86_64, r-release-macos-arm64, r-release-macos-x86_64, r-release-windows-x86_64, r-oldrel-macos-arm64, r-oldrel-macos-x86_64, r-oldrel-windows-ix86+x86_64

Version: 0.2.2
Check: dependencies in R code
Result: NOTE
    Namespace in Imports field not imported from: ‘magrittr’
     All declared Imports should be used.
Flavors: r-devel-linux-x86_64-fedora-clang, r-devel-linux-x86_64-fedora-gcc, r-release-macos-arm64, r-release-macos-x86_64, r-oldrel-macos-arm64, r-oldrel-macos-x86_64