Last updated on 2024-05-01 12:14:38 CEST.
Flavor | Version | Tinstall | Tcheck | Ttotal | Status | Flags |
---|---|---|---|---|---|---|
r-devel-linux-x86_64-debian-clang | 0.2.1 | 5.88 | 45.16 | 51.04 | NOTE | |
r-devel-linux-x86_64-debian-gcc | 0.2.1 | 4.67 | 35.25 | 39.92 | NOTE | |
r-devel-linux-x86_64-fedora-clang | 0.2.1 | 68.73 | NOTE | |||
r-devel-linux-x86_64-fedora-gcc | 0.2.1 | 60.67 | NOTE | |||
r-devel-windows-x86_64 | 0.2.1 | 7.00 | 56.00 | 63.00 | NOTE | |
r-patched-linux-x86_64 | 0.2.1 | 3.82 | 43.13 | 46.95 | NOTE | |
r-release-linux-x86_64 | 0.2.1 | 3.64 | 43.84 | 47.48 | NOTE | |
r-release-macos-arm64 | 0.2.1 | 23.00 | NOTE | |||
r-release-windows-x86_64 | 0.2.1 | 7.00 | 54.00 | 61.00 | NOTE | |
r-oldrel-macos-arm64 | 0.2.1 | 25.00 | NOTE | |||
r-oldrel-macos-x86_64 | 0.2.1 | 34.00 | NOTE | |||
r-oldrel-windows-x86_64 | 0.2.1 | 8.00 | 59.00 | 67.00 | NOTE |
Version: 0.2.1
Check: package subdirectories
Result: NOTE
Problems with news in ‘NEWS.md’:
No news entries found.
Flavors: r-devel-linux-x86_64-debian-clang, r-devel-linux-x86_64-debian-gcc, r-devel-linux-x86_64-fedora-clang, r-devel-linux-x86_64-fedora-gcc, r-devel-windows-x86_64, r-patched-linux-x86_64, r-release-linux-x86_64, r-release-macos-arm64, r-release-windows-x86_64, r-oldrel-macos-arm64, r-oldrel-macos-x86_64, r-oldrel-windows-x86_64