CRAN Package Check Results for Package shar

Last updated on 2024-06-13 10:49:10 CEST.

Flavor Version Tinstall Tcheck Ttotal Status Flags
r-devel-linux-x86_64-debian-clang 2.3 9.15 414.89 424.04 OK
r-devel-linux-x86_64-debian-gcc 2.3 6.59 110.34 116.93 ERROR
r-devel-linux-x86_64-fedora-clang 2.3 505.68 OK
r-devel-linux-x86_64-fedora-gcc 2.3 482.43 OK
r-devel-windows-x86_64 2.3 8.00 274.00 282.00 OK
r-patched-linux-x86_64 2.3 16.39 408.48 424.87 OK
r-release-linux-x86_64 2.3 5.83 392.12 397.95 OK
r-release-macos-arm64 2.3 128.00 OK
r-release-macos-x86_64 2.3 221.00 OK
r-release-windows-x86_64 2.3 10.00 269.00 279.00 OK
r-oldrel-macos-arm64 2.3 131.00 OK
r-oldrel-macos-x86_64 2.3 269.00 OK
r-oldrel-windows-x86_64 2.3 13.00 337.00 350.00 OK

Check Details

Version: 2.3
Check: package dependencies
Result: NOTE Packages suggested but not available for checking: 'dplyr', 'testthat' Flavor: r-devel-linux-x86_64-debian-gcc

Version: 2.3
Check: tests
Result: ERROR Running ‘testthat.R’ [0s/1s] Running the tests in ‘tests/testthat.R’ failed. Complete output: > # This file is part of the standard setup for testthat. > # It is recommended that you do not modify it. > # > # Where should you do additional test configuration? > # Learn more about the roles of various files in: > # * https://r-pkgs.org/testing-design.html#sec-tests-files-overview > # * https://testthat.r-lib.org/articles/special-files.html > > library(testthat) Error in library(testthat) : there is no package called 'testthat' Execution halted Flavor: r-devel-linux-x86_64-debian-gcc