Last updated on 2025-05-06 12:49:50 CEST.
Flavor | Version | Tinstall | Tcheck | Ttotal | Status | Flags |
---|---|---|---|---|---|---|
r-devel-linux-x86_64-debian-clang | 1.2.7 | 13.63 | 103.71 | 117.34 | NOTE | |
r-devel-linux-x86_64-debian-gcc | 1.2.7 | 9.67 | 70.30 | 79.97 | NOTE | |
r-devel-linux-x86_64-fedora-clang | 1.2.7 | 201.65 | OK | |||
r-devel-linux-x86_64-fedora-gcc | 1.2.7 | 180.82 | OK | |||
r-devel-windows-x86_64 | 1.2.7 | 15.00 | 114.00 | 129.00 | OK | |
r-patched-linux-x86_64 | 1.2.7 | 14.15 | 97.45 | 111.60 | OK | |
r-release-linux-x86_64 | 1.2.7 | 12.22 | 100.05 | 112.27 | OK | |
r-release-macos-arm64 | 1.2.7 | 48.00 | OK | |||
r-release-macos-x86_64 | 1.2.7 | 93.00 | OK | |||
r-release-windows-x86_64 | 1.2.7 | 18.00 | 117.00 | 135.00 | OK | |
r-oldrel-macos-arm64 | 1.2.7 | 46.00 | OK | |||
r-oldrel-macos-x86_64 | 1.2.7 | 73.00 | OK | |||
r-oldrel-windows-x86_64 | 1.2.7 | 23.00 | 145.00 | 168.00 | OK |
Version: 1.2.7
Check: CRAN incoming feasibility
Result: NOTE
Maintainer: ‘Ian Dryden <ian.dryden@nottingham.ac.uk>’
No Authors@R field in DESCRIPTION.
Please add one, modifying
Authors@R: c(person(given = c("Ian", "L."),
family = "Dryden",
role = "aut"),
person(given = "Ian",
family = "Dryden",
role = "cre",
email = "ian.dryden@nottingham.ac.uk"))
as necessary.
Flavors: r-devel-linux-x86_64-debian-clang, r-devel-linux-x86_64-debian-gcc