CRAN Package Check Results for Package sgsR

Last updated on 2022-10-05 11:52:25 CEST.

Flavor Version Tinstall Tcheck Ttotal Status Flags
r-devel-linux-x86_64-debian-clang 1.2.0 10.07 415.90 425.97 OK
r-devel-linux-x86_64-debian-gcc 1.2.0 6.54 311.56 318.10 OK
r-devel-linux-x86_64-fedora-clang 1.2.0 556.10 OK
r-devel-linux-x86_64-fedora-gcc 1.2.0 514.59 OK
r-devel-windows-x86_64 1.2.0 18.00 484.00 502.00 OK
r-patched-linux-x86_64 1.2.0 6.06 391.07 397.13 OK
r-release-linux-x86_64 1.2.0 8.47 389.32 397.79 OK
r-release-macos-arm64 1.2.0 162.00 OK
r-release-macos-x86_64 1.2.0 217.00 OK
r-release-windows-x86_64 1.2.0 35.00 492.00 527.00 OK
r-oldrel-macos-arm64 1.2.0 195.00 WARN
r-oldrel-macos-x86_64 1.2.0 225.00 WARN
r-oldrel-windows-ix86+x86_64 1.2.0 21.00 532.00 553.00 OK

Check Details

Version: 1.2.0
Check: for executable files
Result: WARN
    Found the following executable files:
     inst/extdata/existing.dbf
     inst/extdata/existingna.dbf
    Source packages should not contain undeclared executable files.
    See section ‘Package structure’ in the ‘Writing R Extensions’ manual.
Flavors: r-oldrel-macos-arm64, r-oldrel-macos-x86_64