CRAN Package Check Results for Package sgmodel

Last updated on 2023-11-28 13:51:09 CET.

Flavor Version Tinstall Tcheck Ttotal Status Flags
r-devel-linux-x86_64-debian-clang 0.1.1 4.97 57.59 62.56 NOTE
r-devel-linux-x86_64-debian-gcc 0.1.1 4.30 43.56 47.86 NOTE
r-devel-linux-x86_64-fedora-clang 0.1.1 78.64 NOTE
r-devel-linux-x86_64-fedora-gcc 0.1.1 84.72 NOTE
r-devel-windows-x86_64 0.1.1 6.00 67.00 73.00 NOTE
r-patched-linux-x86_64 0.1.1 5.17 55.79 60.96 NOTE
r-release-linux-x86_64 0.1.1 4.24 55.42 59.66 NOTE
r-release-macos-arm64 0.1.1 34.00 NOTE
r-release-macos-x86_64 0.1.1 51.00 NOTE
r-release-windows-x86_64 0.1.1 9.00 74.00 83.00 NOTE
r-oldrel-macos-arm64 0.1.1 28.00 NOTE
r-oldrel-macos-x86_64 0.1.1 51.00 NOTE
r-oldrel-windows-x86_64 0.1.1 10.00 78.00 88.00 NOTE

Check Details

Version: 0.1.1
Check: Rd metadata
Result: NOTE Invalid package aliases in Rd file 'package_sgmodel.Rd': ‘package_sgmodel-package’ Flavors: r-devel-linux-x86_64-debian-clang, r-devel-linux-x86_64-debian-gcc, r-devel-linux-x86_64-fedora-clang, r-devel-linux-x86_64-fedora-gcc, r-devel-windows-x86_64

Version: 0.1.1
Check: LazyData
Result: NOTE 'LazyData' is specified without a 'data' directory Flavors: r-devel-linux-x86_64-debian-clang, r-devel-linux-x86_64-debian-gcc, r-devel-linux-x86_64-fedora-clang, r-devel-linux-x86_64-fedora-gcc, r-devel-windows-x86_64, r-patched-linux-x86_64, r-release-linux-x86_64, r-release-macos-arm64, r-release-macos-x86_64, r-release-windows-x86_64, r-oldrel-macos-arm64, r-oldrel-macos-x86_64, r-oldrel-windows-x86_64