CRAN Package Check Results for Package sgee

Last updated on 2024-06-14 10:54:42 CEST.

Flavor Version Tinstall Tcheck Ttotal Status Flags
r-devel-linux-x86_64-debian-clang 0.6-0 5.38 66.12 71.50 NOTE
r-devel-linux-x86_64-debian-gcc 0.6-0 3.46 45.63 49.09 NOTE
r-devel-linux-x86_64-fedora-clang 0.6-0 85.06 NOTE
r-devel-linux-x86_64-fedora-gcc 0.6-0 77.80 NOTE
r-devel-windows-x86_64 0.6-0 5.00 66.00 71.00 NOTE
r-patched-linux-x86_64 0.6-0 4.29 60.57 64.86 NOTE
r-release-linux-x86_64 0.6-0 3.92 60.78 64.70 NOTE
r-release-macos-arm64 0.6-0 27.00 NOTE
r-release-macos-x86_64 0.6-0 38.00 NOTE
r-release-windows-x86_64 0.6-0 5.00 76.00 81.00 NOTE
r-oldrel-macos-arm64 0.6-0 28.00 OK
r-oldrel-macos-x86_64 0.6-0 43.00 OK
r-oldrel-windows-x86_64 0.6-0 6.00 74.00 80.00 OK

Check Details

Version: 0.6-0
Check: Rd files
Result: NOTE checkRd: (-1) bisee.Rd:127: Lost braces 127 | values including \code{x}, \code{y}, code{family}, \code{clusterID}, | ^ checkRd: (-1) hisee.Rd:101: Lost braces 101 | values including \code{x}, \code{y}, code{family}, \code{clusterID}, | ^ checkRd: (-1) isee.Rd:116: Lost braces 116 | values including \code{x}, \code{y}, code{family}, \code{clusterID}, | ^ checkRd: (-1) see.Rd:98: Lost braces 98 | values including \code{x}, \code{y}, code{family}, \code{clusterID}, | ^ Flavors: r-devel-linux-x86_64-debian-clang, r-devel-linux-x86_64-debian-gcc, r-devel-linux-x86_64-fedora-clang, r-devel-linux-x86_64-fedora-gcc, r-devel-windows-x86_64, r-patched-linux-x86_64, r-release-linux-x86_64, r-release-macos-arm64, r-release-macos-x86_64, r-release-windows-x86_64