CRAN Package Check Results for Package sgat

Last updated on 2024-05-28 11:54:18 CEST.

Flavor Version Tinstall Tcheck Ttotal Status Flags
r-devel-linux-x86_64-debian-clang 0.9 2.54 29.77 32.31 NOTE
r-devel-linux-x86_64-debian-gcc 0.9 1.94 22.95 24.89 NOTE
r-devel-linux-x86_64-fedora-clang 0.9 42.13 NOTE
r-devel-linux-x86_64-fedora-gcc 0.9 52.58 NOTE
r-devel-windows-x86_64 0.9 4.00 49.00 53.00 NOTE
r-patched-linux-x86_64 0.9 2.48 29.77 32.25 NOTE
r-release-linux-x86_64 0.9 2.23 28.75 30.98 NOTE
r-release-macos-arm64 0.9 32.00 NOTE
r-release-windows-x86_64 0.9 3.00 49.00 52.00 NOTE
r-oldrel-macos-arm64 0.9 31.00 NOTE
r-oldrel-macos-x86_64 0.9 40.00 NOTE
r-oldrel-windows-x86_64 0.9 4.00 52.00 56.00 NOTE

Check Details

Version: 0.9
Check: LazyData
Result: NOTE 'LazyData' is specified without a 'data' directory Flavors: r-devel-linux-x86_64-debian-clang, r-devel-linux-x86_64-debian-gcc, r-devel-linux-x86_64-fedora-clang, r-devel-linux-x86_64-fedora-gcc, r-devel-windows-x86_64, r-patched-linux-x86_64, r-release-linux-x86_64, r-release-macos-arm64, r-release-windows-x86_64, r-oldrel-macos-arm64, r-oldrel-macos-x86_64, r-oldrel-windows-x86_64

Version: 0.9
Check: dependencies in R code
Result: NOTE Namespace in Imports field not imported from: ‘plyr’ All declared Imports should be used. Flavors: r-devel-linux-x86_64-fedora-clang, r-devel-linux-x86_64-fedora-gcc