CRAN Package Check Results for Package sfheaders

Last updated on 2024-02-29 13:54:49 CET.

Flavor Version Tinstall Tcheck Ttotal Status Flags
r-devel-linux-x86_64-debian-clang 0.4.4 139.26 51.35 190.61 OK
r-devel-linux-x86_64-debian-gcc 0.4.4 121.33 38.08 159.41 OK
r-devel-linux-x86_64-fedora-clang 0.4.4 270.22 OK
r-devel-linux-x86_64-fedora-gcc 0.4.4 304.20 OK
r-devel-windows-x86_64 0.4.4 107.00 89.00 196.00 OK
r-patched-linux-x86_64 0.4.4 156.19 49.26 205.45 OK
r-release-linux-x86_64 0.4.4 145.18 49.74 194.92 OK
r-release-macos-arm64 0.4.4 66.00 NOTE
r-release-macos-x86_64 0.4.4 100.00 NOTE
r-release-windows-x86_64 0.4.4 136.00 107.00 243.00 OK
r-oldrel-macos-arm64 0.4.4 61.00 NOTE
r-oldrel-windows-x86_64 0.4.4 125.00 99.00 224.00 OK

Check Details

Version: 0.4.4
Check: installed package size
Result: NOTE installed size is 8.0Mb sub-directories of 1Mb or more: libs 7.4Mb Flavors: r-release-macos-arm64, r-release-macos-x86_64, r-oldrel-macos-arm64