Last updated on 2024-04-23 10:54:17 CEST.
Flavor | Version | Tinstall | Tcheck | Ttotal | Status | Flags |
---|---|---|---|---|---|---|
r-devel-linux-x86_64-debian-clang | 0.2.1 | 41.97 | 122.15 | 164.12 | NOTE | |
r-devel-linux-x86_64-debian-gcc | 0.2.1 | 28.03 | 89.58 | 117.61 | NOTE | |
r-devel-linux-x86_64-fedora-clang | 0.2.1 | 222.77 | NOTE | |||
r-devel-linux-x86_64-fedora-gcc | 0.2.1 | 222.18 | NOTE | |||
r-prerel-macos-arm64 | 0.2.1 | 57.00 | NOTE | |||
r-prerel-windows-x86_64 | 0.2.1 | 35.00 | 128.00 | 163.00 | NOTE | |
r-patched-linux-x86_64 | 0.2.1 | 35.72 | 118.54 | 154.26 | NOTE | |
r-release-linux-x86_64 | 0.2.1 | 25.84 | 117.82 | 143.66 | NOTE | |
r-release-macos-arm64 | 0.2.1 | 63.00 | NOTE | |||
r-release-macos-x86_64 | 0.2.1 | 101.00 | NOTE | |||
r-release-windows-x86_64 | 0.2.1 | 44.00 | 155.00 | 199.00 | NOTE | |
r-oldrel-macos-arm64 | 0.2.1 | 54.00 | OK | |||
r-oldrel-windows-x86_64 | 0.2.1 | 40.00 | 146.00 | 186.00 | OK |
Version: 0.2.1
Check: C++ specification
Result: NOTE
Specified C++11: please drop specification unless essential
Flavors: r-devel-linux-x86_64-debian-clang, r-devel-linux-x86_64-debian-gcc, r-devel-linux-x86_64-fedora-clang, r-devel-linux-x86_64-fedora-gcc, r-prerel-macos-arm64, r-prerel-windows-x86_64, r-patched-linux-x86_64, r-release-linux-x86_64, r-release-macos-arm64, r-release-macos-x86_64, r-release-windows-x86_64
Version: 0.2.1
Check: package dependencies
Result: NOTE
Package suggested but not available for checking: ‘ggraph’
Flavor: r-release-macos-x86_64