Last updated on 2024-04-18 12:53:01 CEST.
Flavor | Version | Tinstall | Tcheck | Ttotal | Status | Flags |
---|---|---|---|---|---|---|
r-devel-linux-x86_64-debian-clang | 1.0.0 | 134.07 | 338.35 | 472.42 | OK | |
r-devel-linux-x86_64-debian-gcc | 1.0.0 | 113.57 | 231.62 | 345.19 | OK | |
r-devel-linux-x86_64-fedora-clang | 1.0.0 | 581.31 | OK | |||
r-devel-linux-x86_64-fedora-gcc | 1.0.0 | 591.08 | OK | |||
r-prerel-macos-arm64 | 1.0.0 | 118.00 | OK | |||
r-prerel-windows-x86_64 | 1.0.0 | 89.00 | 207.00 | 296.00 | OK | |
r-patched-linux-x86_64 | 1.0.0 | 119.05 | 312.05 | 431.10 | OK | |
r-release-linux-x86_64 | 1.0.0 | 106.42 | 319.01 | 425.43 | OK | |
r-release-macos-arm64 | 1.0.0 | 112.00 | OK | |||
r-release-macos-x86_64 | 1.0.0 | 312.00 | OK | |||
r-release-windows-x86_64 | 1.0.0 | 127.00 | 288.00 | 415.00 | OK | |
r-oldrel-macos-arm64 | 1.0.0 | 109.00 | ERROR | |||
r-oldrel-windows-x86_64 | 1.0.0 | 127.00 | 269.00 | 396.00 | OK |
Version: 1.0.0
Check: PDF version of manual
Result: WARN
LaTeX errors when creating PDF version.
This typically indicates Rd problems.
LaTeX errors found:
! Missing \endgroup inserted.
<inserted text>
\endgroup
l.506 ...ac{S\rho}{\sigma_v} \\ 1 \end{pmatrix}}{}
,
! Missing } inserted.
<inserted text>
}
l.506 ...ac{S\rho}{\sigma_v} \\ 1 \end{pmatrix}}{}
,
! Missing } inserted.
<inserted text>
}
l.506 ...ac{S\rho}{\sigma_v} \\ 1 \end{pmatrix}}{}
,
! Missing \cr inserted.
<inserted text>
\cr
l.506 ...ac{S\rho}{\sigma_v} \\ 1 \end{pmatrix}}{}
,
! Misplaced \cr.
<inserted text> \cr
l.506 ...ac{S\rho}{\sigma_v} \\ 1 \end{pmatrix}}{}
,
! Missing \cr inserted.
<inserted text>
\cr
l.506 ...ac{S\rho}{\sigma_v} \\ 1 \end{pmatrix}}{}
,
! Misplaced \cr.
<inserted text> \cr
l.506 ...ac{S\rho}{\sigma_v} \\ 1 \end{pmatrix}}{}
,
! Missing \cr inserted.
<inserted text>
\cr
l.506 ...ac{S\rho}{\sigma_v} \\ 1 \end{pmatrix}}{}
,
! Misplaced \cr.
<inserted text> \cr
l.506 ...ac{S\rho}{\sigma_v} \\ 1 \end{pmatrix}}{}
,
! Missing \cr inserted.
<inserted text>
\cr
l.506 ...ac{S\rho}{\sigma_v} \\ 1 \end{pmatrix}}{}
,
! Misplaced \cr.
<inserted text> \cr
l.506 ...ac{S\rho}{\sigma_v} \\ 1 \end{pmatrix}}{}
,
! Missing \cr inserted.
<inserted text>
\cr
l.506 ...ac{S\rho}{\sigma_v} \\ 1 \end{pmatrix}}{}
,
! Misplaced \cr.
<inserted text> \cr
l.506 ...ac{S\rho}{\sigma_v} \\ 1 \end{pmatrix}}{}
,
! Missing \cr inserted.
<inserted text>
\cr
l.506 ...ac{S\rho}{\sigma_v} \\ 1 \end{pmatrix}}{}
,
! Misplaced \cr.
<inserted text> \cr
l.506 ...ac{S\rho}{\sigma_v} \\ 1 \end{pmatrix}}{}
,
! Missing \cr inserted.
<inserted text>
\cr
l.506 ...ac{S\rho}{\sigma_v} \\ 1 \end{pmatrix}}{}
,
! Misplaced \cr.
<inserted text> \cr
l.506 ...ac{S\rho}{\sigma_v} \\ 1 \end{pmatrix}}{}
,
! Missing \cr inserted.
<inserted text>
\cr
l.506 ...ac{S\rho}{\sigma_v} \\ 1 \end{pmatrix}}{}
,
! Misplaced \cr.
<inserted text> \cr
l.506 ...ac{S\rho}{\sigma_v} \\ 1 \end{pmatrix}}{}
,
! Missing \cr inserted.
<inserted text>
\cr
l.506 ...ac{S\rho}{\sigma_v} \\ 1 \end{pmatrix}}{}
,
! Misplaced \cr.
<inserted text> \cr
l.506 ...ac{S\rho}{\sigma_v} \\ 1 \end{pmatrix}}{}
,
! Missing \cr inserted.
<inserted text>
\cr
l.506 ...ac{S\rho}{\sigma_v} \\ 1 \end{pmatrix}}{}
,
! Misplaced \cr.
<inserted text> \cr
l.506 ...ac{S\rho}{\sigma_v} \\ 1 \end{pmatrix}}{}
,
! Missing \cr inserted.
<inserted text>
\cr
l.506 ...ac{S\rho}{\sigma_v} \\ 1 \end{pmatrix}}{}
,
! Misplaced \cr.
<inserted text> \cr
l.506 ...ac{S\rho}{\sigma_v} \\ 1 \end{pmatrix}}{}
,
! Missing \cr inserted.
<inserted text>
\cr
l.506 ...ac{S\rho}{\sigma_v} \\ 1 \end{pmatrix}}{}
,
! Misplaced \cr.
<inserted text> \cr
l.506 ...ac{S\rho}{\sigma_v} \\ 1 \end{pmatrix}}{}
,
! Missing \cr inserted.
<inserted text>
\cr
l.506 ...ac{S\rho}{\sigma_v} \\ 1 \end{pmatrix}}{}
,
! Misplaced \cr.
<inserted text> \cr
l.506 ...ac{S\rho}{\sigma_v} \\ 1 \end{pmatrix}}{}
,
! Missing \cr inserted.
<inserted text>
\cr
l.506 ...ac{S\rho}{\sigma_v} \\ 1 \end{pmatrix}}{}
,
! Misplaced \cr.
<inserted text> \cr
l.506 ...ac{S\rho}{\sigma_v} \\ 1 \end{pmatrix}}{}
,
! Missing \cr inserted.
<inserted text>
\cr
l.506 ...ac{S\rho}{\sigma_v} \\ 1 \end{pmatrix}}{}
,
! Misplaced \cr.
<inserted text> \cr
l.506 ...ac{S\rho}{\sigma_v} \\ 1 \end{pmatrix}}{}
,
! Missing \cr inserted.
<inserted text>
\cr
l.506 ...ac{S\rho}{\sigma_v} \\ 1 \end{pmatrix}}{}
,
! Misplaced \cr.
<inserted text> \cr
l.506 ...ac{S\rho}{\sigma_v} \\ 1 \end{pmatrix}}{}
,
! Missing \cr inserted.
<inserted text>
\cr
l.506 ...ac{S\rho}{\sigma_v} \\ 1 \end{pmatrix}}{}
,
! Misplaced \cr.
<inserted text> \cr
l.506 ...ac{S\rho}{\sigma_v} \\ 1 \end{pmatrix}}{}
,
! Missing \cr inserted.
<inserted text>
\cr
l.506 ...ac{S\rho}{\sigma_v} \\ 1 \end{pmatrix}}{}
,
! Misplaced \cr.
<inserted text> \cr
l.506 ...ac{S\rho}{\sigma_v} \\ 1 \end{pmatrix}}{}
,
! Missing \cr inserted.
<inserted text>
\cr
l.506 ...ac{S\rho}{\sigma_v} \\ 1 \end{pmatrix}}{}
,
! Misplaced \cr.
<inserted text> \cr
l.506 ...ac{S\rho}{\sigma_v} \\ 1 \end{pmatrix}}{}
,
! Missing \cr inserted.
<inserted text>
\cr
l.506 ...ac{S\rho}{\sigma_v} \\ 1 \end{pmatrix}}{}
,
! Misplaced \cr.
<inserted text> \cr
l.506 ...ac{S\rho}{\sigma_v} \\ 1 \end{pmatrix}}{}
,
! Missing \cr inserted.
<inserted text>
\cr
l.506 ...ac{S\rho}{\sigma_v} \\ 1 \end{pmatrix}}{}
,
! Misplaced \cr.
<inserted text> \cr
l.506 ...ac{S\rho}{\sigma_v} \\ 1 \end{pmatrix}}{}
,
! Missing \cr inserted.
<inserted text>
\cr
l.506 ...ac{S\rho}{\sigma_v} \\ 1 \end{pmatrix}}{}
,
! Misplaced \cr.
<inserted text> \cr
l.506 ...ac{S\rho}{\sigma_v} \\ 1 \end{pmatrix}}{}
,
! Missing \cr inserted.
<inserted text>
\cr
l.506 ...ac{S\rho}{\sigma_v} \\ 1 \end{pmatrix}}{}
,
! Misplaced \cr.
<inserted text> \cr
l.506 ...ac{S\rho}{\sigma_v} \\ 1 \end{pmatrix}}{}
,
! Missing \cr inserted.
<inserted text>
\cr
l.506 ...ac{S\rho}{\sigma_v} \\ 1 \end{pmatrix}}{}
,
! Misplaced \cr.
<inserted text> \cr
l.506 ...ac{S\rho}{\sigma_v} \\ 1 \end{pmatrix}}{}
,
! Missing \cr inserted.
<inserted text>
\cr
l.506 ...ac{S\rho}{\sigma_v} \\ 1 \end{pmatrix}}{}
,
! Misplaced \cr.
<inserted text> \cr
l.506 ...ac{S\rho}{\sigma_v} \\ 1 \end{pmatrix}}{}
,
! Missing \cr inserted.
<inserted text>
\cr
l.506 ...ac{S\rho}{\sigma_v} \\ 1 \end{pmatrix}}{}
,
! Misplaced \cr.
<inserted text> \cr
l.506 ...ac{S\rho}{\sigma_v} \\ 1 \end{pmatrix}}{}
,
! Missing \cr inserted.
<inserted text>
\cr
l.506 ...ac{S\rho}{\sigma_v} \\ 1 \end{pmatrix}}{}
,
! Misplaced \cr.
<inserted text> \cr
l.506 ...ac{S\rho}{\sigma_v} \\ 1 \end{pmatrix}}{}
,
! Missing \cr inserted.
<inserted text>
\cr
l.506 ...ac{S\rho}{\sigma_v} \\ 1 \end{pmatrix}}{}
,
! Misplaced \cr.
<inserted text> \cr
l.506 ...ac{S\rho}{\sigma_v} \\ 1 \end{pmatrix}}{}
,
! Missing \cr inserted.
<inserted text>
\cr
l.506 ...ac{S\rho}{\sigma_v} \\ 1 \end{pmatrix}}{}
,
! Misplaced \cr.
<inserted text> \cr
l.506 ...ac{S\rho}{\sigma_v} \\ 1 \end{pmatrix}}{}
,
! Missing \cr inserted.
<inserted text>
\cr
l.506 ...ac{S\rho}{\sigma_v} \\ 1 \end{pmatrix}}{}
,
! Misplaced \cr.
<inserted text> \cr
l.506 ...ac{S\rho}{\sigma_v} \\ 1 \end{pmatrix}}{}
,
! Missing \cr inserted.
<inserted text>
\cr
l.506 ...ac{S\rho}{\sigma_v} \\ 1 \end{pmatrix}}{}
,
! Misplaced \cr.
<inserted text> \cr
l.506 ...ac{S\rho}{\sigma_v} \\ 1 \end{pmatrix}}{}
,
! Missing \cr inserted.
<inserted text>
\cr
l.506 ...ac{S\rho}{\sigma_v} \\ 1 \end{pmatrix}}{}
,
! Misplaced \cr.
<inserted text> \cr
l.506 ...ac{S\rho}{\sigma_v} \\ 1 \end{pmatrix}}{}
,
! Missing \cr inserted.
<inserted text>
\cr
l.506 ...ac{S\rho}{\sigma_v} \\ 1 \end{pmatrix}}{}
,
! Misplaced \cr.
<inserted text> \cr
l.506 ...ac{S\rho}{\sigma_v} \\ 1 \end{pmatrix}}{}
,
! Missing \cr inserted.
<inserted text>
\cr
l.506 ...ac{S\rho}{\sigma_v} \\ 1 \end{pmatrix}}{}
,
! Misplaced \cr.
<inserted text> \cr
l.506 ...ac{S\rho}{\sigma_v} \\ 1 \end{pmatrix}}{}
,
! Missing \cr inserted.
<inserted text>
\cr
l.506 ...ac{S\rho}{\sigma_v} \\ 1 \end{pmatrix}}{}
,
! Misplaced \cr.
<inserted text> \cr
l.506 ...ac{S\rho}{\sigma_v} \\ 1 \end{pmatrix}}{}
,
! Missing \cr inserted.
<inserted text>
\cr
l.506 ...ac{S\rho}{\sigma_v} \\ 1 \end{pmatrix}}{}
,
! Misplaced \cr.
<inserted text> \cr
l.506 ...ac{S\rho}{\sigma_v} \\ 1 \end{pmatrix}}{}
,
! Missing \cr inserted.
<inserted text>
\cr
l.506 ...ac{S\rho}{\sigma_v} \\ 1 \end{pmatrix}}{}
,
! Misplaced \cr.
<inserted text> \cr
l.506 ...ac{S\rho}{\sigma_v} \\ 1 \end{pmatrix}}{}
,
! Missing \cr inserted.
<inserted text>
\cr
l.506 ...ac{S\rho}{\sigma_v} \\ 1 \end{pmatrix}}{}
,
! Misplaced \cr.
<inserted text> \cr
l.506 ...ac{S\rho}{\sigma_v} \\ 1 \end{pmatrix}}{}
,
! Missing \cr inserted.
<inserted text>
\cr
l.506 ...ac{S\rho}{\sigma_v} \\ 1 \end{pmatrix}}{}
,
! Misplaced \cr.
<inserted text> \cr
l.506 ...ac{S\rho}{\sigma_v} \\ 1 \end{pmatrix}}{}
,
! Missing \cr inserted.
<inserted text>
\cr
l.506 ...ac{S\rho}{\sigma_v} \\ 1 \end{pmatrix}}{}
,
! Misplaced \cr.
<inserted text> \cr
l.506 ...ac{S\rho}{\sigma_v} \\ 1 \end{pmatrix}}{}
,
! Missing \cr inserted.
<inserted text>
\cr
l.506 ...ac{S\rho}{\sigma_v} \\ 1 \end{pmatrix}}{}
,
! Misplaced \cr.
<inserted text> \cr
l.506 ...ac{S\rho}{\sigma_v} \\ 1 \end{pmatrix}}{}
,
! Missing \cr inserted.
<inserted text>
\cr
l.506 ...ac{S\rho}{\sigma_v} \\ 1 \end{pmatrix}}{}
,
! Misplaced \cr.
<inserted text> \cr
l.506 ...ac{S\rho}{\sigma_v} \\ 1 \end{pmatrix}}{}
,
! Missing \cr inserted.
<inserted text>
\cr
l.506 ...ac{S\rho}{\sigma_v} \\ 1 \end{pmatrix}}{}
,
! Misplaced \cr.
<inserted text> \cr
l.506 ...ac{S\rho}{\sigma_v} \\ 1 \end{pmatrix}}{}
,
! Missing \cr inserted.
<inserted text>
\cr
l.506 ...ac{S\rho}{\sigma_v} \\ 1 \end{pmatrix}}{}
,
! Misplaced \cr.
<inserted text> \cr
l.506 ...ac{S\rho}{\sigma_v} \\ 1 \end{pmatrix}}{}
,
! Missing \cr inserted.
<inserted text>
\cr
l.506 ...ac{S\rho}{\sigma_v} \\ 1 \end{pmatrix}}{}
,
! Misplaced \cr.
<inserted text> \cr
l.506 ...ac{S\rho}{\sigma_v} \\ 1 \end{pmatrix}}{}
,
! Missing \cr inserted.
<inserted text>
\cr
l.506 ...ac{S\rho}{\sigma_v} \\ 1 \end{pmatrix}}{}
,
! Misplaced \cr.
<inserted text> \cr
l.506 ...ac{S\rho}{\sigma_v} \\ 1 \end{pmatrix}}{}
,
! Missing \cr inserted.
<inserted text>
\cr
l.506 ...ac{S\rho}{\sigma_v} \\ 1 \end{pmatrix}}{}
,
! Misplaced \cr.
<inserted text> \cr
l.506 ...ac{S\rho}{\sigma_v} \\ 1 \end{pmatrix}}{}
,
! Missing \cr inserted.
<inserted text>
\cr
l.506 ...ac{S\rho}{\sigma_v} \\ 1 \end{pmatrix}}{}
,
! Misplaced \cr.
<inserted text> \cr
l.506 ...ac{S\rho}{\sigma_v} \\ 1 \end{pmatrix}}{}
,
! Missing \cr inserted.
<inserted text>
\cr
l.506 ...ac{S\rho}{\sigma_v} \\ 1 \end{pmatrix}}{}
,
! ==> Fatal error occurred, no output PDF file produced!
Flavor: r-oldrel-macos-arm64
Version: 1.0.0
Check: PDF version of manual without index
Result: ERROR
Flavor: r-oldrel-macos-arm64