Last updated on 2024-04-23 10:54:17 CEST.
Flavor | Version | Tinstall | Tcheck | Ttotal | Status | Flags |
---|---|---|---|---|---|---|
r-devel-linux-x86_64-debian-clang | 1.0-16 | 257.22 | 408.04 | 665.26 | OK | |
r-devel-linux-x86_64-debian-gcc | 1.0-16 | 200.04 | 296.20 | 496.24 | OK | |
r-devel-linux-x86_64-fedora-clang | 1.0-16 | 860.76 | NOTE | |||
r-devel-linux-x86_64-fedora-gcc | 1.0-16 | 882.27 | OK | |||
r-prerel-macos-arm64 | 1.0-16 | 213.00 | NOTE | |||
r-prerel-macos-x86_64 | 1.0-16 | 563.00 | NOTE | |||
r-prerel-windows-x86_64 | 1.0-16 | 208.00 | 743.00 | 951.00 | NOTE | |
r-patched-linux-x86_64 | 1.0-16 | 256.85 | 385.06 | 641.91 | OK | |
r-release-linux-x86_64 | 1.0-16 | 253.08 | 377.19 | 630.27 | OK | |
r-release-macos-arm64 | 1.0-16 | 224.00 | NOTE | |||
r-release-macos-x86_64 | 1.0-16 | 516.00 | NOTE | |||
r-release-windows-x86_64 | 1.0-16 | 272.00 | 1014.00 | 1286.00 | NOTE | |
r-oldrel-macos-arm64 | 1.0-16 | 222.00 | NOTE | |||
r-oldrel-windows-x86_64 | 1.0-16 | 282.00 | 873.00 | 1155.00 | NOTE |
Version: 1.0-16
Check: installed package size
Result: NOTE
installed size is 7.5Mb
sub-directories of 1Mb or more:
doc 1.7Mb
libs 1.1Mb
sqlite 1.5Mb
Flavors: r-devel-linux-x86_64-fedora-clang, r-prerel-macos-arm64, r-prerel-macos-x86_64, r-prerel-windows-x86_64, r-release-macos-arm64, r-release-macos-x86_64, r-release-windows-x86_64, r-oldrel-macos-arm64, r-oldrel-windows-x86_64