CRAN Package Check Results for Package serrsBayes

Last updated on 2022-06-25 10:53:14 CEST.

Flavor Version Tinstall Tcheck Ttotal Status Flags
r-devel-linux-x86_64-debian-clang 0.5-0 74.35 557.74 632.09 OK
r-devel-linux-x86_64-debian-gcc 0.5-0 66.82 443.01 509.83 OK
r-devel-linux-x86_64-fedora-clang 0.5-0 823.19 NOTE
r-devel-linux-x86_64-fedora-gcc 0.5-0 805.24 OK
r-devel-windows-x86_64 0.5-0 99.00 465.00 564.00 OK
r-patched-linux-x86_64 0.5-0 67.77 545.49 613.26 OK
r-release-linux-x86_64 0.5-0 63.65 548.28 611.93 OK
r-release-macos-arm64 0.5-0 245.00 NOTE
r-release-macos-x86_64 0.5-0 292.00 NOTE
r-release-windows-x86_64 0.5-0 98.00 535.00 633.00 OK
r-oldrel-macos-arm64 0.5-0 280.00 NOTE
r-oldrel-macos-x86_64 0.5-0 283.00 NOTE
r-oldrel-windows-ix86+x86_64 0.5-0 164.00 520.00 684.00 OK

Check Details

Version: 0.5-0
Check: installed package size
Result: NOTE
     installed size is 14.6Mb
     sub-directories of 1Mb or more:
     libs 13.2Mb
Flavors: r-devel-linux-x86_64-fedora-clang, r-release-macos-arm64, r-release-macos-x86_64, r-oldrel-macos-arm64, r-oldrel-macos-x86_64