Last updated on 2024-08-16 12:49:20 CEST.
Flavor | Version | Tinstall | Tcheck | Ttotal | Status | Flags |
---|---|---|---|---|---|---|
r-devel-linux-x86_64-debian-clang | 2.11.2 | 77.83 | 159.79 | 237.62 | OK | |
r-devel-linux-x86_64-debian-gcc | 2.11.2 | 44.17 | 112.67 | 156.84 | OK | |
r-devel-linux-x86_64-fedora-clang | 2.11.2 | 397.60 | NOTE | |||
r-devel-linux-x86_64-fedora-gcc | 2.11.2 | 383.22 | OK | |||
r-devel-windows-x86_64 | 2.11.2 | 65.00 | 252.00 | 317.00 | OK | |
r-patched-linux-x86_64 | 2.11.2 | 62.99 | 149.65 | 212.64 | OK | |
r-release-linux-x86_64 | 2.11.2 | 64.70 | 149.69 | 214.39 | OK | |
r-release-macos-arm64 | 2.11.2 | 195.00 | OK | |||
r-release-macos-x86_64 | 2.11.2 | 330.00 | OK | |||
r-release-windows-x86_64 | 2.11.2 | 66.00 | 249.00 | 315.00 | OK | |
r-oldrel-macos-arm64 | 2.11.2 | 121.00 | OK | |||
r-oldrel-macos-x86_64 | 2.11.2 | 380.00 | OK | |||
r-oldrel-windows-x86_64 | 2.11.2 | 78.00 | 270.00 | 348.00 | OK |
Version: 2.11.2
Check: installed package size
Result: NOTE
installed size is 8.4Mb
sub-directories of 1Mb or more:
doc 1.8Mb
libs 5.6Mb
Flavor: r-devel-linux-x86_64-fedora-clang