Last updated on 2024-03-28 09:51:56 CET.
Flavor | Version | Tinstall | Tcheck | Ttotal | Status | Flags |
---|---|---|---|---|---|---|
r-devel-linux-x86_64-debian-clang | 9.4 | 118.05 | 41.02 | 159.07 | NOTE | |
r-devel-linux-x86_64-debian-gcc | 9.4 | 104.99 | 30.63 | 135.62 | NOTE | |
r-devel-linux-x86_64-fedora-clang | 9.4 | 255.84 | NOTE | |||
r-devel-linux-x86_64-fedora-gcc | 9.4 | 247.53 | NOTE | |||
r-devel-windows-x86_64 | 9.4 | 241.00 | 102.00 | 343.00 | NOTE | |
r-patched-linux-x86_64 | 9.4 | 124.86 | 38.61 | 163.47 | NOTE | |
r-release-linux-x86_64 | 9.4 | 124.78 | 39.56 | 164.34 | NOTE | |
r-release-macos-arm64 | 9.4 | 90.00 | NOTE | |||
r-release-macos-x86_64 | 9.4 | 129.00 | NOTE | |||
r-release-windows-x86_64 | 9.4 | 216.00 | 118.00 | 334.00 | NOTE | |
r-oldrel-macos-arm64 | 9.4 | 95.00 | NOTE | |||
r-oldrel-windows-x86_64 | 9.4 | 266.00 | 103.00 | 369.00 | NOTE |
Version: 9.4
Check: for GNU extensions in Makefiles
Result: NOTE
GNU make is a SystemRequirements.
Flavors: r-devel-linux-x86_64-debian-clang, r-devel-linux-x86_64-debian-gcc, r-devel-linux-x86_64-fedora-clang, r-devel-linux-x86_64-fedora-gcc, r-devel-windows-x86_64, r-patched-linux-x86_64, r-release-linux-x86_64, r-release-macos-arm64, r-release-macos-x86_64, r-release-windows-x86_64, r-oldrel-macos-arm64, r-oldrel-windows-x86_64
Version: 9.4
Check: installed package size
Result: NOTE
installed size is 19.3Mb
sub-directories of 1Mb or more:
libs 17.8Mb
Flavors: r-release-macos-arm64, r-release-macos-x86_64, r-oldrel-macos-arm64