CRAN Package Check Results for Package seqmagick

Last updated on 2022-06-26 11:52:44 CEST.

Flavor Version Tinstall Tcheck Ttotal Status Flags
r-devel-linux-x86_64-debian-clang 0.1.5 18.55 154.12 172.67 OK
r-devel-linux-x86_64-debian-gcc 0.1.5 12.25 112.45 124.70 OK
r-devel-linux-x86_64-fedora-clang 0.1.5 211.59 OK
r-devel-linux-x86_64-fedora-gcc 0.1.5 207.34 OK
r-devel-windows-x86_64 0.1.5 47.00 163.00 210.00 OK
r-patched-linux-x86_64 0.1.5 15.77 144.24 160.01 OK
r-release-linux-x86_64 0.1.5 13.60 142.78 156.38 OK
r-release-macos-arm64 0.1.5 56.00 OK
r-release-macos-x86_64 0.1.5 80.00 NOTE
r-release-windows-x86_64 0.1.5 47.00 163.00 210.00 OK
r-oldrel-macos-arm64 0.1.5 56.00 NOTE
r-oldrel-macos-x86_64 0.1.5 104.00 NOTE
r-oldrel-windows-ix86+x86_64 0.1.5 34.00 166.00 200.00 OK

Check Details

Version: 0.1.5
Check: package dependencies
Result: NOTE
    Package suggested but not available for checking: ‘muscle’
Flavors: r-release-macos-x86_64, r-oldrel-macos-x86_64

Version: 0.1.5
Check: package dependencies
Result: NOTE
    Packages suggested but not available for checking:
     'GenomicAlignments', 'GenomicRanges', 'muscle', 'Rsamtools'
Flavor: r-oldrel-macos-arm64