CRAN Package Check Results for Package seqinr

Last updated on 2024-02-23 11:53:36 CET.

Flavor Version Tinstall Tcheck Ttotal Status Flags
r-devel-linux-x86_64-debian-clang 4.2-36 OK
r-devel-linux-x86_64-debian-gcc 4.2-36 11.10 97.39 108.49 OK
r-devel-linux-x86_64-fedora-clang 4.2-36 175.54 NOTE
r-devel-linux-x86_64-fedora-gcc 4.2-36 174.40 OK
r-devel-windows-x86_64 4.2-36 18.00 142.00 160.00 NOTE
r-patched-linux-x86_64 4.2-36 19.27 126.47 145.74 OK
r-release-linux-x86_64 4.2-36 12.46 124.14 136.60 OK
r-release-macos-arm64 4.2-36 64.00 NOTE
r-release-macos-x86_64 4.2-36 137.00 NOTE
r-release-windows-x86_64 4.2-36 24.00 177.00 201.00 NOTE
r-oldrel-macos-arm64 4.2-36 62.00 NOTE
r-oldrel-windows-x86_64 4.2-36 26.00 177.00 203.00 NOTE

Check Details

Version: 4.2-36
Check: installed package size
Result: NOTE installed size is 5.4Mb sub-directories of 1Mb or more: data 1.5Mb sequences 1.9Mb Flavors: r-devel-linux-x86_64-fedora-clang, r-devel-windows-x86_64, r-release-macos-arm64, r-release-macos-x86_64, r-release-windows-x86_64, r-oldrel-macos-arm64, r-oldrel-windows-x86_64