CRAN Package Check Results for Package sentryR

Last updated on 2022-06-25 10:53:14 CEST.

Flavor Version Tinstall Tcheck Ttotal Status Flags
r-devel-linux-x86_64-debian-clang 1.1.0 2.15 26.87 29.02 NOTE
r-devel-linux-x86_64-debian-gcc 1.1.0 2.02 20.70 22.72 NOTE
r-devel-linux-x86_64-fedora-clang 1.1.0 46.98 NOTE
r-devel-linux-x86_64-fedora-gcc 1.1.0 45.40 NOTE
r-devel-windows-x86_64 1.1.0 24.00 60.00 84.00 NOTE
r-patched-linux-x86_64 1.1.0 2.64 25.91 28.55 NOTE
r-release-linux-x86_64 1.1.0 2.14 25.60 27.74 NOTE
r-release-macos-arm64 1.1.0 17.00 NOTE
r-release-macos-x86_64 1.1.0 22.00 NOTE
r-release-windows-x86_64 1.1.0 21.00 58.00 79.00 NOTE
r-oldrel-macos-arm64 1.1.0 21.00 NOTE
r-oldrel-macos-x86_64 1.1.0 28.00 NOTE
r-oldrel-windows-ix86+x86_64 1.1.0 6.00 49.00 55.00 NOTE

Check Details

Version: 1.1.0
Check: LazyData
Result: NOTE
     'LazyData' is specified without a 'data' directory
Flavors: r-devel-linux-x86_64-debian-clang, r-devel-linux-x86_64-debian-gcc, r-devel-linux-x86_64-fedora-clang, r-devel-linux-x86_64-fedora-gcc, r-devel-windows-x86_64, r-patched-linux-x86_64, r-release-linux-x86_64, r-release-macos-arm64, r-release-macos-x86_64, r-release-windows-x86_64, r-oldrel-macos-arm64, r-oldrel-macos-x86_64, r-oldrel-windows-ix86+x86_64