CRAN Package Check Results for Package sentiment.ai

Last updated on 2023-02-06 11:04:49 CET.

Flavor Version Tinstall Tcheck Ttotal Status Flags
r-devel-linux-x86_64-debian-clang 0.1.1 11.44 91.98 103.42 OK
r-devel-linux-x86_64-debian-gcc 0.1.1 8.77 67.86 76.63 OK
r-devel-linux-x86_64-fedora-clang 0.1.1 128.51 NOTE
r-devel-linux-x86_64-fedora-gcc 0.1.1 137.81 NOTE
r-devel-windows-x86_64 0.1.1 46.00 127.00 173.00 OK
r-patched-linux-x86_64 0.1.1 12.41 85.95 98.36 OK
r-release-linux-x86_64 0.1.1 11.79 89.47 101.26 OK
r-release-macos-arm64 0.1.1 42.00 NOTE
r-release-macos-x86_64 0.1.1 73.00 NOTE
r-release-windows-x86_64 0.1.1 53.00 132.00 185.00 OK
r-oldrel-macos-arm64 0.1.1 33.00 NOTE
r-oldrel-macos-x86_64 0.1.1 51.00 NOTE
r-oldrel-windows-ix86+x86_64 0.1.1 24.00 128.00 152.00 OK

Check Details

Version: 0.1.1
Check: data for non-ASCII characters
Result: NOTE
     Note: found 836 marked UTF-8 strings
Flavors: r-devel-linux-x86_64-fedora-clang, r-devel-linux-x86_64-fedora-gcc, r-release-macos-arm64, r-release-macos-x86_64, r-oldrel-macos-arm64, r-oldrel-macos-x86_64