CRAN Package Check Results for Package sensory

Last updated on 2022-07-05 11:50:04 CEST.

Flavor Version Tinstall Tcheck Ttotal Status Flags
r-devel-linux-x86_64-debian-clang 1.1 7.03 75.33 82.36 OK
r-devel-linux-x86_64-debian-gcc 1.1 7.20 57.00 64.20 OK
r-devel-linux-x86_64-fedora-clang 1.1 106.32 WARN
r-devel-linux-x86_64-fedora-gcc 1.1 107.62 WARN
r-devel-windows-x86_64 1.1 16.00 102.00 118.00 OK
r-patched-linux-x86_64 1.1 7.05 71.65 78.70 OK
r-release-linux-x86_64 1.1 5.84 72.36 78.20 OK
r-release-macos-arm64 1.1 32.00 OK
r-release-macos-x86_64 1.1 46.00 OK
r-release-windows-x86_64 1.1 14.00 101.00 115.00 OK
r-oldrel-macos-arm64 1.1 40.00 OK
r-oldrel-macos-x86_64 1.1 64.00 OK
r-oldrel-windows-ix86+x86_64 1.1 18.00 91.00 109.00 OK

Check Details

Version: 1.1
Check: package dependencies
Result: WARN
    Requires orphaned package: ‘gtools’
Flavors: r-devel-linux-x86_64-fedora-clang, r-devel-linux-x86_64-fedora-gcc