CRAN Package Check Results for Package sensitivity

Last updated on 2024-02-28 10:14:14 CET.

Flavor Version Tinstall Tcheck Ttotal Status Flags
r-devel-linux-x86_64-debian-clang 1.30.0 152.72 254.03 406.75 OK
r-devel-linux-x86_64-debian-gcc 1.30.0 116.58 189.30 305.88 OK
r-devel-linux-x86_64-fedora-clang 1.30.0 548.16 OK
r-devel-linux-x86_64-fedora-gcc 1.30.0 535.61 OK
r-devel-windows-x86_64 1.30.0 110.00 219.00 329.00 OK
r-patched-linux-x86_64 1.30.0 113.41 246.96 360.37 OK
r-release-linux-x86_64 1.30.0 133.44 245.68 379.12 OK
r-release-macos-arm64 1.30.0 118.00 NOTE
r-release-macos-x86_64 1.30.0 194.00 NOTE
r-release-windows-x86_64 1.30.0 145.00 289.00 434.00 OK
r-oldrel-macos-arm64 1.30.0 121.00 NOTE
r-oldrel-windows-x86_64 1.30.0 142.00 274.00 416.00 OK

Check Details

Version: 1.30.0
Check: installed package size
Result: NOTE installed size is 5.3Mb sub-directories of 1Mb or more: R 2.3Mb libs 2.4Mb Flavors: r-release-macos-arm64, r-release-macos-x86_64, r-oldrel-macos-arm64